{"id":9641,"date":"2019-11-22T12:45:35","date_gmt":"2019-11-22T11:45:35","guid":{"rendered":"https:\/\/cpzizur.educacion.navarra.es\/web1\/?page_id=9641"},"modified":"2019-11-22T12:45:35","modified_gmt":"2019-11-22T11:45:35","slug":"nuevos-companeros","status":"publish","type":"page","link":"https:\/\/cpzizur.educacion.navarra.es\/web1\/nuevos-companeros\/","title":{"rendered":"NUEVOS COMPA\u00d1EROS"},"content":{"rendered":"\n<p>Nuevos compa\u00f1eros nos entraron al aula. Nos ense\u00f1aron empat\u00eda, solidaridad, responsabilidad, ternura&#8230;<\/p>\n\n\n\n<figure class=\"wp-block-gallery columns-2 is-cropped\"><ul class=\"blocks-gallery-grid\"><li class=\"blocks-gallery-item\"><figure><a href=\"https:\/\/cpzizur.educacion.navarra.es\/web1\/wp-content\/uploads\/2019\/11\/image3-rotated.jpeg\"><img loading=\"lazy\" width=\"480\" height=\"640\" src=\"https:\/\/cpzizur.educacion.navarra.es\/web1\/wp-content\/uploads\/2019\/11\/image3-rotated.jpeg\" alt=\"\" data-id=\"9642\" data-full-url=\"https:\/\/cpzizur.educacion.navarra.es\/web1\/wp-content\/uploads\/2019\/11\/image3-rotated.jpeg\" data-link=\"https:\/\/cpzizur.educacion.navarra.es\/web1\/?attachment_id=9642\" class=\"wp-image-9642\" srcset=\"https:\/\/cpzizur.educacion.navarra.es\/web1\/wp-content\/uploads\/2019\/11\/image3-rotated.jpeg 480w, https:\/\/cpzizur.educacion.navarra.es\/web1\/wp-content\/uploads\/2019\/11\/image3-225x300.jpeg 225w\" sizes=\"(max-width: 480px) 100vw, 480px\" \/><\/a><\/figure><\/li><li class=\"blocks-gallery-item\"><figure><a href=\"https:\/\/cpzizur.educacion.navarra.es\/web1\/wp-content\/uploads\/2019\/11\/image4-rotated.jpeg\"><img loading=\"lazy\" width=\"480\" height=\"640\" src=\"https:\/\/cpzizur.educacion.navarra.es\/web1\/wp-content\/uploads\/2019\/11\/image4-rotated.jpeg\" alt=\"\" data-id=\"9643\" data-full-url=\"https:\/\/cpzizur.educacion.navarra.es\/web1\/wp-content\/uploads\/2019\/11\/image4-rotated.jpeg\" data-link=\"https:\/\/cpzizur.educacion.navarra.es\/web1\/?attachment_id=9643\" class=\"wp-image-9643\" srcset=\"https:\/\/cpzizur.educacion.navarra.es\/web1\/wp-content\/uploads\/2019\/11\/image4-rotated.jpeg 480w, https:\/\/cpzizur.educacion.navarra.es\/web1\/wp-content\/uploads\/2019\/11\/image4-225x300.jpeg 225w\" sizes=\"(max-width: 480px) 100vw, 480px\" \/><\/a><\/figure><\/li><li class=\"blocks-gallery-item\"><figure><a href=\"https:\/\/cpzizur.educacion.navarra.es\/web1\/wp-content\/uploads\/2019\/11\/image5-rotated.jpeg\"><img loading=\"lazy\" width=\"480\" height=\"640\" src=\"https:\/\/cpzizur.educacion.navarra.es\/web1\/wp-content\/uploads\/2019\/11\/image5-rotated.jpeg\" alt=\"\" data-id=\"9644\" data-full-url=\"https:\/\/cpzizur.educacion.navarra.es\/web1\/wp-content\/uploads\/2019\/11\/image5-rotated.jpeg\" data-link=\"https:\/\/cpzizur.educacion.navarra.es\/web1\/?attachment_id=9644\" class=\"wp-image-9644\" srcset=\"https:\/\/cpzizur.educacion.navarra.es\/web1\/wp-content\/uploads\/2019\/11\/image5-rotated.jpeg 480w, https:\/\/cpzizur.educacion.navarra.es\/web1\/wp-content\/uploads\/2019\/11\/image5-225x300.jpeg 225w\" sizes=\"(max-width: 480px) 100vw, 480px\" \/><\/a><\/figure><\/li><li class=\"blocks-gallery-item\"><figure><a href=\"https:\/\/cpzizur.educacion.navarra.es\/web1\/wp-content\/uploads\/2019\/11\/image6-rotated.jpeg\"><img loading=\"lazy\" width=\"480\" height=\"640\" src=\"https:\/\/cpzizur.educacion.navarra.es\/web1\/wp-content\/uploads\/2019\/11\/image6-rotated.jpeg\" alt=\"\" data-id=\"9645\" data-full-url=\"https:\/\/cpzizur.educacion.navarra.es\/web1\/wp-content\/uploads\/2019\/11\/image6-rotated.jpeg\" data-link=\"https:\/\/cpzizur.educacion.navarra.es\/web1\/?attachment_id=9645\" class=\"wp-image-9645\" srcset=\"https:\/\/cpzizur.educacion.navarra.es\/web1\/wp-content\/uploads\/2019\/11\/image6-rotated.jpeg 480w, https:\/\/cpzizur.educacion.navarra.es\/web1\/wp-content\/uploads\/2019\/11\/image6-225x300.jpeg 225w\" sizes=\"(max-width: 480px) 100vw, 480px\" \/><\/a><\/figure><\/li><li class=\"blocks-gallery-item\"><figure><a href=\"https:\/\/cpzizur.educacion.navarra.es\/web1\/wp-content\/uploads\/2019\/11\/image7-rotated.jpeg\"><img loading=\"lazy\" width=\"480\" height=\"640\" src=\"https:\/\/cpzizur.educacion.navarra.es\/web1\/wp-content\/uploads\/2019\/11\/image7-rotated.jpeg\" alt=\"\" data-id=\"9646\" data-full-url=\"https:\/\/cpzizur.educacion.navarra.es\/web1\/wp-content\/uploads\/2019\/11\/image7-rotated.jpeg\" data-link=\"https:\/\/cpzizur.educacion.navarra.es\/web1\/?attachment_id=9646\" class=\"wp-image-9646\" srcset=\"https:\/\/cpzizur.educacion.navarra.es\/web1\/wp-content\/uploads\/2019\/11\/image7-rotated.jpeg 480w, https:\/\/cpzizur.educacion.navarra.es\/web1\/wp-content\/uploads\/2019\/11\/image7-225x300.jpeg 225w\" sizes=\"(max-width: 480px) 100vw, 480px\" \/><\/a><\/figure><\/li><li class=\"blocks-gallery-item\"><figure><a href=\"https:\/\/cpzizur.educacion.navarra.es\/web1\/wp-content\/uploads\/2019\/11\/image8-rotated.jpeg\"><img loading=\"lazy\" width=\"480\" height=\"640\" src=\"https:\/\/cpzizur.educacion.navarra.es\/web1\/wp-content\/uploads\/2019\/11\/image8-rotated.jpeg\" alt=\"\" data-id=\"9647\" data-full-url=\"https:\/\/cpzizur.educacion.navarra.es\/web1\/wp-content\/uploads\/2019\/11\/image8-rotated.jpeg\" data-link=\"https:\/\/cpzizur.educacion.navarra.es\/web1\/?attachment_id=9647\" class=\"wp-image-9647\" srcset=\"https:\/\/cpzizur.educacion.navarra.es\/web1\/wp-content\/uploads\/2019\/11\/image8-rotated.jpeg 480w, https:\/\/cpzizur.educacion.navarra.es\/web1\/wp-content\/uploads\/2019\/11\/image8-225x300.jpeg 225w\" sizes=\"(max-width: 480px) 100vw, 480px\" \/><\/a><\/figure><\/li><li class=\"blocks-gallery-item\"><figure><a href=\"https:\/\/cpzizur.educacion.navarra.es\/web1\/wp-content\/uploads\/2019\/11\/image9-rotated.jpeg\"><img loading=\"lazy\" width=\"480\" height=\"640\" src=\"https:\/\/cpzizur.educacion.navarra.es\/web1\/wp-content\/uploads\/2019\/11\/image9-rotated.jpeg\" alt=\"\" data-id=\"9648\" data-full-url=\"https:\/\/cpzizur.educacion.navarra.es\/web1\/wp-content\/uploads\/2019\/11\/image9-rotated.jpeg\" data-link=\"https:\/\/cpzizur.educacion.navarra.es\/web1\/?attachment_id=9648\" class=\"wp-image-9648\" srcset=\"https:\/\/cpzizur.educacion.navarra.es\/web1\/wp-content\/uploads\/2019\/11\/image9-rotated.jpeg 480w, https:\/\/cpzizur.educacion.navarra.es\/web1\/wp-content\/uploads\/2019\/11\/image9-225x300.jpeg 225w\" sizes=\"(max-width: 480px) 100vw, 480px\" \/><\/a><\/figure><\/li><li class=\"blocks-gallery-item\"><figure><a href=\"https:\/\/cpzizur.educacion.navarra.es\/web1\/wp-content\/uploads\/2019\/11\/image10-rotated.jpeg\"><img loading=\"lazy\" width=\"480\" height=\"640\" src=\"https:\/\/cpzizur.educacion.navarra.es\/web1\/wp-content\/uploads\/2019\/11\/image10-rotated.jpeg\" alt=\"\" data-id=\"9649\" data-full-url=\"https:\/\/cpzizur.educacion.navarra.es\/web1\/wp-content\/uploads\/2019\/11\/image10-rotated.jpeg\" data-link=\"https:\/\/cpzizur.educacion.navarra.es\/web1\/?attachment_id=9649\" class=\"wp-image-9649\" srcset=\"https:\/\/cpzizur.educacion.navarra.es\/web1\/wp-content\/uploads\/2019\/11\/image10-rotated.jpeg 480w, https:\/\/cpzizur.educacion.navarra.es\/web1\/wp-content\/uploads\/2019\/11\/image10-225x300.jpeg 225w\" sizes=\"(max-width: 480px) 100vw, 480px\" \/><\/a><\/figure><\/li><li class=\"blocks-gallery-item\"><figure><a href=\"https:\/\/cpzizur.educacion.navarra.es\/web1\/wp-content\/uploads\/2019\/11\/image11-rotated.jpeg\"><img loading=\"lazy\" width=\"480\" height=\"640\" src=\"https:\/\/cpzizur.educacion.navarra.es\/web1\/wp-content\/uploads\/2019\/11\/image11-rotated.jpeg\" alt=\"\" data-id=\"9650\" data-full-url=\"https:\/\/cpzizur.educacion.navarra.es\/web1\/wp-content\/uploads\/2019\/11\/image11-rotated.jpeg\" data-link=\"https:\/\/cpzizur.educacion.navarra.es\/web1\/?attachment_id=9650\" class=\"wp-image-9650\" srcset=\"https:\/\/cpzizur.educacion.navarra.es\/web1\/wp-content\/uploads\/2019\/11\/image11-rotated.jpeg 480w, https:\/\/cpzizur.educacion.navarra.es\/web1\/wp-content\/uploads\/2019\/11\/image11-225x300.jpeg 225w\" sizes=\"(max-width: 480px) 100vw, 480px\" \/><\/a><\/figure><\/li><li class=\"blocks-gallery-item\"><figure><a href=\"https:\/\/cpzizur.educacion.navarra.es\/web1\/wp-content\/uploads\/2019\/11\/image12-rotated.jpeg\"><img loading=\"lazy\" width=\"480\" height=\"640\" src=\"https:\/\/cpzizur.educacion.navarra.es\/web1\/wp-content\/uploads\/2019\/11\/image12-rotated.jpeg\" alt=\"\" data-id=\"9651\" data-full-url=\"https:\/\/cpzizur.educacion.navarra.es\/web1\/wp-content\/uploads\/2019\/11\/image12-rotated.jpeg\" data-link=\"https:\/\/cpzizur.educacion.navarra.es\/web1\/?attachment_id=9651\" class=\"wp-image-9651\" srcset=\"https:\/\/cpzizur.educacion.navarra.es\/web1\/wp-content\/uploads\/2019\/11\/image12-rotated.jpeg 480w, https:\/\/cpzizur.educacion.navarra.es\/web1\/wp-content\/uploads\/2019\/11\/image12-225x300.jpeg 225w\" sizes=\"(max-width: 480px) 100vw, 480px\" \/><\/a><\/figure><\/li><li class=\"blocks-gallery-item\"><figure><a href=\"https:\/\/cpzizur.educacion.navarra.es\/web1\/wp-content\/uploads\/2019\/11\/image13-rotated.jpeg\"><img loading=\"lazy\" width=\"480\" height=\"640\" src=\"https:\/\/cpzizur.educacion.navarra.es\/web1\/wp-content\/uploads\/2019\/11\/image13-rotated.jpeg\" alt=\"\" data-id=\"9652\" data-full-url=\"https:\/\/cpzizur.educacion.navarra.es\/web1\/wp-content\/uploads\/2019\/11\/image13-rotated.jpeg\" data-link=\"https:\/\/cpzizur.educacion.navarra.es\/web1\/?attachment_id=9652\" class=\"wp-image-9652\" srcset=\"https:\/\/cpzizur.educacion.navarra.es\/web1\/wp-content\/uploads\/2019\/11\/image13-rotated.jpeg 480w, https:\/\/cpzizur.educacion.navarra.es\/web1\/wp-content\/uploads\/2019\/11\/image13-225x300.jpeg 225w\" sizes=\"(max-width: 480px) 100vw, 480px\" \/><\/a><\/figure><\/li><\/ul><\/figure>\n","protected":false},"excerpt":{"rendered":"<p>Nuevos compa\u00f1eros nos entraron al aula. Nos ense\u00f1aron empat\u00eda, solidaridad, responsabilidad, ternura&#8230;<\/p>\n","protected":false},"author":1,"featured_media":0,"parent":0,"menu_order":0,"comment_status":"closed","ping_status":"closed","template":"","meta":{"_genesis_hide_title":false,"_genesis_hide_breadcrumbs":false,"_genesis_hide_singular_image":false,"_genesis_hide_footer_widgets":false,"_genesis_custom_body_class":"","_genesis_custom_post_class":"","_genesis_layout":""},"_links":{"self":[{"href":"https:\/\/cpzizur.educacion.navarra.es\/web1\/wp-json\/wp\/v2\/pages\/9641"}],"collection":[{"href":"https:\/\/cpzizur.educacion.navarra.es\/web1\/wp-json\/wp\/v2\/pages"}],"about":[{"href":"https:\/\/cpzizur.educacion.navarra.es\/web1\/wp-json\/wp\/v2\/types\/page"}],"author":[{"embeddable":true,"href":"https:\/\/cpzizur.educacion.navarra.es\/web1\/wp-json\/wp\/v2\/users\/1"}],"replies":[{"embeddable":true,"href":"https:\/\/cpzizur.educacion.navarra.es\/web1\/wp-json\/wp\/v2\/comments?post=9641"}],"version-history":[{"count":1,"href":"https:\/\/cpzizur.educacion.navarra.es\/web1\/wp-json\/wp\/v2\/pages\/9641\/revisions"}],"predecessor-version":[{"id":9653,"href":"https:\/\/cpzizur.educacion.navarra.es\/web1\/wp-json\/wp\/v2\/pages\/9641\/revisions\/9653"}],"wp:attachment":[{"href":"https:\/\/cpzizur.educacion.navarra.es\/web1\/wp-json\/wp\/v2\/media?parent=9641"}],"curies":[{"name":"wp","href":"https:\/\/api.w.org\/{rel}","templated":true}]}}