{"id":9626,"date":"2019-11-22T12:36:57","date_gmt":"2019-11-22T11:36:57","guid":{"rendered":"https:\/\/cpzizur.educacion.navarra.es\/web1\/?page_id=9626"},"modified":"2019-11-22T12:36:57","modified_gmt":"2019-11-22T11:36:57","slug":"picassos-art-project","status":"publish","type":"page","link":"https:\/\/cpzizur.educacion.navarra.es\/web1\/picassos-art-project\/","title":{"rendered":"Picasso\u00b4s Art project"},"content":{"rendered":"\n<p>Como primera actividad del \u00e1rea de Arts and Crafts, el alumnado de 5\u00ba curso de Primaria ha realizado una actividad sobre Pablo Picasso. Para esta actividad el alumnado bas\u00f3 su creaci\u00f3n en el periodo azul del artista malague\u00f1o.\u00a0Dispuestos en parejas, cada estudiante realizaba el retrato de su acompa\u00f1ante. Es decir, posaban y creaban a la vez.<\/p>\n\n\n\n<p>La t\u00e9cnica utilizada fue el uso del l\u00e1piz de color para crear degradados en colores fr\u00edos. Posteriormente, se destac\u00f3 alg\u00fan peque\u00f1o rasgo en tonos c\u00e1lidos para generar contraste. De este modo, se trabaj\u00f3 el contenido de colores primarios, secundarios y los complementarios.<\/p>\n\n\n\n<p>El alumnado de modelo G, en los talleres en ingl\u00e9s, trabaj\u00f3 la vida del artista para finalmente producir el p\u00f3ster con su biograf\u00eda.<\/p>\n\n\n\n<figure class=\"wp-block-gallery columns-3 is-cropped\"><ul class=\"blocks-gallery-grid\"><li class=\"blocks-gallery-item\"><figure><a href=\"https:\/\/cpzizur.educacion.navarra.es\/web1\/wp-content\/uploads\/2019\/11\/IMG_20191001_161213-1.jpg\"><img loading=\"lazy\" width=\"1024\" height=\"768\" src=\"https:\/\/cpzizur.educacion.navarra.es\/web1\/wp-content\/uploads\/2019\/11\/IMG_20191001_161213-1-1024x768.jpg\" alt=\"\" data-id=\"9627\" data-full-url=\"https:\/\/cpzizur.educacion.navarra.es\/web1\/wp-content\/uploads\/2019\/11\/IMG_20191001_161213-1.jpg\" data-link=\"https:\/\/cpzizur.educacion.navarra.es\/web1\/?attachment_id=9627\" class=\"wp-image-9627\" srcset=\"https:\/\/cpzizur.educacion.navarra.es\/web1\/wp-content\/uploads\/2019\/11\/IMG_20191001_161213-1-1024x768.jpg 1024w, https:\/\/cpzizur.educacion.navarra.es\/web1\/wp-content\/uploads\/2019\/11\/IMG_20191001_161213-1-300x225.jpg 300w, https:\/\/cpzizur.educacion.navarra.es\/web1\/wp-content\/uploads\/2019\/11\/IMG_20191001_161213-1-768x576.jpg 768w, https:\/\/cpzizur.educacion.navarra.es\/web1\/wp-content\/uploads\/2019\/11\/IMG_20191001_161213-1-1536x1152.jpg 1536w, https:\/\/cpzizur.educacion.navarra.es\/web1\/wp-content\/uploads\/2019\/11\/IMG_20191001_161213-1.jpg 1600w\" sizes=\"(max-width: 1024px) 100vw, 1024px\" \/><\/a><\/figure><\/li><li class=\"blocks-gallery-item\"><figure><a href=\"https:\/\/cpzizur.educacion.navarra.es\/web1\/wp-content\/uploads\/2019\/11\/IMG_20191001_161222-1.jpg\"><img loading=\"lazy\" width=\"768\" height=\"1024\" src=\"https:\/\/cpzizur.educacion.navarra.es\/web1\/wp-content\/uploads\/2019\/11\/IMG_20191001_161222-1-768x1024.jpg\" alt=\"\" data-id=\"9628\" data-full-url=\"https:\/\/cpzizur.educacion.navarra.es\/web1\/wp-content\/uploads\/2019\/11\/IMG_20191001_161222-1.jpg\" data-link=\"https:\/\/cpzizur.educacion.navarra.es\/web1\/?attachment_id=9628\" class=\"wp-image-9628\" srcset=\"https:\/\/cpzizur.educacion.navarra.es\/web1\/wp-content\/uploads\/2019\/11\/IMG_20191001_161222-1-768x1024.jpg 768w, https:\/\/cpzizur.educacion.navarra.es\/web1\/wp-content\/uploads\/2019\/11\/IMG_20191001_161222-1-225x300.jpg 225w, https:\/\/cpzizur.educacion.navarra.es\/web1\/wp-content\/uploads\/2019\/11\/IMG_20191001_161222-1-1152x1536.jpg 1152w, https:\/\/cpzizur.educacion.navarra.es\/web1\/wp-content\/uploads\/2019\/11\/IMG_20191001_161222-1.jpg 1200w\" sizes=\"(max-width: 768px) 100vw, 768px\" \/><\/a><\/figure><\/li><li class=\"blocks-gallery-item\"><figure><a href=\"https:\/\/cpzizur.educacion.navarra.es\/web1\/wp-content\/uploads\/2019\/11\/IMG_20191001_161242-1.jpg\"><img loading=\"lazy\" width=\"768\" height=\"1024\" src=\"https:\/\/cpzizur.educacion.navarra.es\/web1\/wp-content\/uploads\/2019\/11\/IMG_20191001_161242-1-768x1024.jpg\" alt=\"\" data-id=\"9629\" data-full-url=\"https:\/\/cpzizur.educacion.navarra.es\/web1\/wp-content\/uploads\/2019\/11\/IMG_20191001_161242-1.jpg\" data-link=\"https:\/\/cpzizur.educacion.navarra.es\/web1\/?attachment_id=9629\" class=\"wp-image-9629\" srcset=\"https:\/\/cpzizur.educacion.navarra.es\/web1\/wp-content\/uploads\/2019\/11\/IMG_20191001_161242-1-768x1024.jpg 768w, https:\/\/cpzizur.educacion.navarra.es\/web1\/wp-content\/uploads\/2019\/11\/IMG_20191001_161242-1-225x300.jpg 225w, https:\/\/cpzizur.educacion.navarra.es\/web1\/wp-content\/uploads\/2019\/11\/IMG_20191001_161242-1-1152x1536.jpg 1152w, https:\/\/cpzizur.educacion.navarra.es\/web1\/wp-content\/uploads\/2019\/11\/IMG_20191001_161242-1.jpg 1200w\" sizes=\"(max-width: 768px) 100vw, 768px\" \/><\/a><\/figure><\/li><li class=\"blocks-gallery-item\"><figure><a href=\"https:\/\/cpzizur.educacion.navarra.es\/web1\/wp-content\/uploads\/2019\/11\/IMG_20191001_161248-1.jpg\"><img loading=\"lazy\" width=\"1024\" height=\"768\" src=\"https:\/\/cpzizur.educacion.navarra.es\/web1\/wp-content\/uploads\/2019\/11\/IMG_20191001_161248-1-1024x768.jpg\" alt=\"\" data-id=\"9630\" data-full-url=\"https:\/\/cpzizur.educacion.navarra.es\/web1\/wp-content\/uploads\/2019\/11\/IMG_20191001_161248-1.jpg\" data-link=\"https:\/\/cpzizur.educacion.navarra.es\/web1\/?attachment_id=9630\" class=\"wp-image-9630\" srcset=\"https:\/\/cpzizur.educacion.navarra.es\/web1\/wp-content\/uploads\/2019\/11\/IMG_20191001_161248-1-1024x768.jpg 1024w, https:\/\/cpzizur.educacion.navarra.es\/web1\/wp-content\/uploads\/2019\/11\/IMG_20191001_161248-1-300x225.jpg 300w, https:\/\/cpzizur.educacion.navarra.es\/web1\/wp-content\/uploads\/2019\/11\/IMG_20191001_161248-1-768x576.jpg 768w, https:\/\/cpzizur.educacion.navarra.es\/web1\/wp-content\/uploads\/2019\/11\/IMG_20191001_161248-1-1536x1152.jpg 1536w, https:\/\/cpzizur.educacion.navarra.es\/web1\/wp-content\/uploads\/2019\/11\/IMG_20191001_161248-1.jpg 1600w\" sizes=\"(max-width: 1024px) 100vw, 1024px\" \/><\/a><\/figure><\/li><li class=\"blocks-gallery-item\"><figure><a href=\"https:\/\/cpzizur.educacion.navarra.es\/web1\/wp-content\/uploads\/2019\/11\/IMG_20191001_161302-1.jpg\"><img loading=\"lazy\" width=\"1024\" height=\"768\" src=\"https:\/\/cpzizur.educacion.navarra.es\/web1\/wp-content\/uploads\/2019\/11\/IMG_20191001_161302-1-1024x768.jpg\" alt=\"\" data-id=\"9631\" data-full-url=\"https:\/\/cpzizur.educacion.navarra.es\/web1\/wp-content\/uploads\/2019\/11\/IMG_20191001_161302-1.jpg\" data-link=\"https:\/\/cpzizur.educacion.navarra.es\/web1\/?attachment_id=9631\" class=\"wp-image-9631\" srcset=\"https:\/\/cpzizur.educacion.navarra.es\/web1\/wp-content\/uploads\/2019\/11\/IMG_20191001_161302-1-1024x768.jpg 1024w, https:\/\/cpzizur.educacion.navarra.es\/web1\/wp-content\/uploads\/2019\/11\/IMG_20191001_161302-1-300x225.jpg 300w, https:\/\/cpzizur.educacion.navarra.es\/web1\/wp-content\/uploads\/2019\/11\/IMG_20191001_161302-1-768x576.jpg 768w, https:\/\/cpzizur.educacion.navarra.es\/web1\/wp-content\/uploads\/2019\/11\/IMG_20191001_161302-1-1536x1152.jpg 1536w, https:\/\/cpzizur.educacion.navarra.es\/web1\/wp-content\/uploads\/2019\/11\/IMG_20191001_161302-1.jpg 1600w\" sizes=\"(max-width: 1024px) 100vw, 1024px\" \/><\/a><\/figure><\/li><li class=\"blocks-gallery-item\"><figure><a href=\"https:\/\/cpzizur.educacion.navarra.es\/web1\/wp-content\/uploads\/2019\/11\/IMG_20191001_161305-1.jpg\"><img loading=\"lazy\" width=\"1024\" height=\"768\" src=\"https:\/\/cpzizur.educacion.navarra.es\/web1\/wp-content\/uploads\/2019\/11\/IMG_20191001_161305-1-1024x768.jpg\" alt=\"\" data-id=\"9632\" data-full-url=\"https:\/\/cpzizur.educacion.navarra.es\/web1\/wp-content\/uploads\/2019\/11\/IMG_20191001_161305-1.jpg\" data-link=\"https:\/\/cpzizur.educacion.navarra.es\/web1\/?attachment_id=9632\" class=\"wp-image-9632\" srcset=\"https:\/\/cpzizur.educacion.navarra.es\/web1\/wp-content\/uploads\/2019\/11\/IMG_20191001_161305-1-1024x768.jpg 1024w, https:\/\/cpzizur.educacion.navarra.es\/web1\/wp-content\/uploads\/2019\/11\/IMG_20191001_161305-1-300x225.jpg 300w, https:\/\/cpzizur.educacion.navarra.es\/web1\/wp-content\/uploads\/2019\/11\/IMG_20191001_161305-1-768x576.jpg 768w, https:\/\/cpzizur.educacion.navarra.es\/web1\/wp-content\/uploads\/2019\/11\/IMG_20191001_161305-1-1536x1152.jpg 1536w, https:\/\/cpzizur.educacion.navarra.es\/web1\/wp-content\/uploads\/2019\/11\/IMG_20191001_161305-1.jpg 1600w\" sizes=\"(max-width: 1024px) 100vw, 1024px\" \/><\/a><\/figure><\/li><li class=\"blocks-gallery-item\"><figure><a href=\"https:\/\/cpzizur.educacion.navarra.es\/web1\/wp-content\/uploads\/2019\/11\/IMG_20191001_161312-1.jpg\"><img loading=\"lazy\" width=\"768\" height=\"1024\" src=\"https:\/\/cpzizur.educacion.navarra.es\/web1\/wp-content\/uploads\/2019\/11\/IMG_20191001_161312-1-768x1024.jpg\" alt=\"\" data-id=\"9633\" data-full-url=\"https:\/\/cpzizur.educacion.navarra.es\/web1\/wp-content\/uploads\/2019\/11\/IMG_20191001_161312-1.jpg\" data-link=\"https:\/\/cpzizur.educacion.navarra.es\/web1\/?attachment_id=9633\" class=\"wp-image-9633\" srcset=\"https:\/\/cpzizur.educacion.navarra.es\/web1\/wp-content\/uploads\/2019\/11\/IMG_20191001_161312-1-768x1024.jpg 768w, https:\/\/cpzizur.educacion.navarra.es\/web1\/wp-content\/uploads\/2019\/11\/IMG_20191001_161312-1-225x300.jpg 225w, https:\/\/cpzizur.educacion.navarra.es\/web1\/wp-content\/uploads\/2019\/11\/IMG_20191001_161312-1-1152x1536.jpg 1152w, https:\/\/cpzizur.educacion.navarra.es\/web1\/wp-content\/uploads\/2019\/11\/IMG_20191001_161312-1.jpg 1200w\" sizes=\"(max-width: 768px) 100vw, 768px\" \/><\/a><\/figure><\/li><li class=\"blocks-gallery-item\"><figure><a href=\"https:\/\/cpzizur.educacion.navarra.es\/web1\/wp-content\/uploads\/2019\/11\/IMG_20191030_122756-1.jpg\"><img loading=\"lazy\" width=\"1024\" height=\"843\" src=\"https:\/\/cpzizur.educacion.navarra.es\/web1\/wp-content\/uploads\/2019\/11\/IMG_20191030_122756-1-1024x843.jpg\" alt=\"\" data-id=\"9634\" data-full-url=\"https:\/\/cpzizur.educacion.navarra.es\/web1\/wp-content\/uploads\/2019\/11\/IMG_20191030_122756-1.jpg\" data-link=\"https:\/\/cpzizur.educacion.navarra.es\/web1\/?attachment_id=9634\" class=\"wp-image-9634\" srcset=\"https:\/\/cpzizur.educacion.navarra.es\/web1\/wp-content\/uploads\/2019\/11\/IMG_20191030_122756-1-1024x843.jpg 1024w, https:\/\/cpzizur.educacion.navarra.es\/web1\/wp-content\/uploads\/2019\/11\/IMG_20191030_122756-1-300x247.jpg 300w, https:\/\/cpzizur.educacion.navarra.es\/web1\/wp-content\/uploads\/2019\/11\/IMG_20191030_122756-1-768x632.jpg 768w, https:\/\/cpzizur.educacion.navarra.es\/web1\/wp-content\/uploads\/2019\/11\/IMG_20191030_122756-1.jpg 1403w\" sizes=\"(max-width: 1024px) 100vw, 1024px\" \/><\/a><\/figure><\/li><li class=\"blocks-gallery-item\"><figure><a href=\"https:\/\/cpzizur.educacion.navarra.es\/web1\/wp-content\/uploads\/2019\/11\/IMG_20191030_122808-1.jpg\"><img loading=\"lazy\" width=\"1024\" height=\"768\" src=\"https:\/\/cpzizur.educacion.navarra.es\/web1\/wp-content\/uploads\/2019\/11\/IMG_20191030_122808-1-1024x768.jpg\" alt=\"\" data-id=\"9635\" data-full-url=\"https:\/\/cpzizur.educacion.navarra.es\/web1\/wp-content\/uploads\/2019\/11\/IMG_20191030_122808-1.jpg\" data-link=\"https:\/\/cpzizur.educacion.navarra.es\/web1\/?attachment_id=9635\" class=\"wp-image-9635\" srcset=\"https:\/\/cpzizur.educacion.navarra.es\/web1\/wp-content\/uploads\/2019\/11\/IMG_20191030_122808-1-1024x768.jpg 1024w, https:\/\/cpzizur.educacion.navarra.es\/web1\/wp-content\/uploads\/2019\/11\/IMG_20191030_122808-1-300x225.jpg 300w, https:\/\/cpzizur.educacion.navarra.es\/web1\/wp-content\/uploads\/2019\/11\/IMG_20191030_122808-1-768x576.jpg 768w, https:\/\/cpzizur.educacion.navarra.es\/web1\/wp-content\/uploads\/2019\/11\/IMG_20191030_122808-1-1536x1152.jpg 1536w, https:\/\/cpzizur.educacion.navarra.es\/web1\/wp-content\/uploads\/2019\/11\/IMG_20191030_122808-1.jpg 1600w\" sizes=\"(max-width: 1024px) 100vw, 1024px\" \/><\/a><\/figure><\/li><li class=\"blocks-gallery-item\"><figure><a href=\"https:\/\/cpzizur.educacion.navarra.es\/web1\/wp-content\/uploads\/2019\/11\/IMG_20191030_122818-1.jpg\"><img loading=\"lazy\" width=\"768\" height=\"1024\" src=\"https:\/\/cpzizur.educacion.navarra.es\/web1\/wp-content\/uploads\/2019\/11\/IMG_20191030_122818-1-768x1024.jpg\" alt=\"\" data-id=\"9636\" data-full-url=\"https:\/\/cpzizur.educacion.navarra.es\/web1\/wp-content\/uploads\/2019\/11\/IMG_20191030_122818-1.jpg\" data-link=\"https:\/\/cpzizur.educacion.navarra.es\/web1\/?attachment_id=9636\" class=\"wp-image-9636\" srcset=\"https:\/\/cpzizur.educacion.navarra.es\/web1\/wp-content\/uploads\/2019\/11\/IMG_20191030_122818-1-768x1024.jpg 768w, https:\/\/cpzizur.educacion.navarra.es\/web1\/wp-content\/uploads\/2019\/11\/IMG_20191030_122818-1-225x300.jpg 225w, https:\/\/cpzizur.educacion.navarra.es\/web1\/wp-content\/uploads\/2019\/11\/IMG_20191030_122818-1-1152x1536.jpg 1152w, https:\/\/cpzizur.educacion.navarra.es\/web1\/wp-content\/uploads\/2019\/11\/IMG_20191030_122818-1.jpg 1200w\" sizes=\"(max-width: 768px) 100vw, 768px\" \/><\/a><\/figure><\/li><li class=\"blocks-gallery-item\"><figure><a href=\"https:\/\/cpzizur.educacion.navarra.es\/web1\/wp-content\/uploads\/2019\/11\/IMG_20191030_122825-1.jpg\"><img loading=\"lazy\" width=\"768\" height=\"1024\" src=\"https:\/\/cpzizur.educacion.navarra.es\/web1\/wp-content\/uploads\/2019\/11\/IMG_20191030_122825-1-768x1024.jpg\" alt=\"\" data-id=\"9637\" data-full-url=\"https:\/\/cpzizur.educacion.navarra.es\/web1\/wp-content\/uploads\/2019\/11\/IMG_20191030_122825-1.jpg\" data-link=\"https:\/\/cpzizur.educacion.navarra.es\/web1\/?attachment_id=9637\" class=\"wp-image-9637\" srcset=\"https:\/\/cpzizur.educacion.navarra.es\/web1\/wp-content\/uploads\/2019\/11\/IMG_20191030_122825-1-768x1024.jpg 768w, https:\/\/cpzizur.educacion.navarra.es\/web1\/wp-content\/uploads\/2019\/11\/IMG_20191030_122825-1-225x300.jpg 225w, https:\/\/cpzizur.educacion.navarra.es\/web1\/wp-content\/uploads\/2019\/11\/IMG_20191030_122825-1-1152x1536.jpg 1152w, https:\/\/cpzizur.educacion.navarra.es\/web1\/wp-content\/uploads\/2019\/11\/IMG_20191030_122825-1.jpg 1200w\" sizes=\"(max-width: 768px) 100vw, 768px\" \/><\/a><\/figure><\/li><li class=\"blocks-gallery-item\"><figure><a href=\"https:\/\/cpzizur.educacion.navarra.es\/web1\/wp-content\/uploads\/2019\/11\/IMG_20191030_122832-1.jpg\"><img loading=\"lazy\" width=\"768\" height=\"1024\" src=\"https:\/\/cpzizur.educacion.navarra.es\/web1\/wp-content\/uploads\/2019\/11\/IMG_20191030_122832-1-768x1024.jpg\" alt=\"\" data-id=\"9638\" data-full-url=\"https:\/\/cpzizur.educacion.navarra.es\/web1\/wp-content\/uploads\/2019\/11\/IMG_20191030_122832-1.jpg\" data-link=\"https:\/\/cpzizur.educacion.navarra.es\/web1\/?attachment_id=9638\" class=\"wp-image-9638\" srcset=\"https:\/\/cpzizur.educacion.navarra.es\/web1\/wp-content\/uploads\/2019\/11\/IMG_20191030_122832-1-768x1024.jpg 768w, https:\/\/cpzizur.educacion.navarra.es\/web1\/wp-content\/uploads\/2019\/11\/IMG_20191030_122832-1-225x300.jpg 225w, https:\/\/cpzizur.educacion.navarra.es\/web1\/wp-content\/uploads\/2019\/11\/IMG_20191030_122832-1-1152x1536.jpg 1152w, https:\/\/cpzizur.educacion.navarra.es\/web1\/wp-content\/uploads\/2019\/11\/IMG_20191030_122832-1.jpg 1200w\" sizes=\"(max-width: 768px) 100vw, 768px\" \/><\/a><\/figure><\/li><\/ul><\/figure>\n","protected":false},"excerpt":{"rendered":"<p>Como primera actividad del \u00e1rea de Arts and Crafts, el alumnado de 5\u00ba curso de Primaria ha realizado una actividad sobre Pablo Picasso. Para esta actividad el alumnado bas\u00f3 su creaci\u00f3n en el periodo azul del artista malague\u00f1o.\u00a0Dispuestos en parejas, cada estudiante realizaba el retrato de su acompa\u00f1ante. Es decir, posaban y creaban a la [&hellip;]<\/p>\n","protected":false},"author":1,"featured_media":0,"parent":0,"menu_order":0,"comment_status":"closed","ping_status":"closed","template":"","meta":{"_genesis_hide_title":false,"_genesis_hide_breadcrumbs":false,"_genesis_hide_singular_image":false,"_genesis_hide_footer_widgets":false,"_genesis_custom_body_class":"","_genesis_custom_post_class":"","_genesis_layout":""},"_links":{"self":[{"href":"https:\/\/cpzizur.educacion.navarra.es\/web1\/wp-json\/wp\/v2\/pages\/9626"}],"collection":[{"href":"https:\/\/cpzizur.educacion.navarra.es\/web1\/wp-json\/wp\/v2\/pages"}],"about":[{"href":"https:\/\/cpzizur.educacion.navarra.es\/web1\/wp-json\/wp\/v2\/types\/page"}],"author":[{"embeddable":true,"href":"https:\/\/cpzizur.educacion.navarra.es\/web1\/wp-json\/wp\/v2\/users\/1"}],"replies":[{"embeddable":true,"href":"https:\/\/cpzizur.educacion.navarra.es\/web1\/wp-json\/wp\/v2\/comments?post=9626"}],"version-history":[{"count":1,"href":"https:\/\/cpzizur.educacion.navarra.es\/web1\/wp-json\/wp\/v2\/pages\/9626\/revisions"}],"predecessor-version":[{"id":9639,"href":"https:\/\/cpzizur.educacion.navarra.es\/web1\/wp-json\/wp\/v2\/pages\/9626\/revisions\/9639"}],"wp:attachment":[{"href":"https:\/\/cpzizur.educacion.navarra.es\/web1\/wp-json\/wp\/v2\/media?parent=9626"}],"curies":[{"name":"wp","href":"https:\/\/api.w.org\/{rel}","templated":true}]}}