{"id":2543,"date":"2017-11-02T09:41:33","date_gmt":"2017-11-02T08:41:33","guid":{"rendered":"https:\/\/cpzizur.educacion.navarra.es\/web1\/?page_id=2543"},"modified":"2017-11-02T11:04:58","modified_gmt":"2017-11-02T10:04:58","slug":"educacion-vial","status":"publish","type":"page","link":"https:\/\/cpzizur.educacion.navarra.es\/web1\/educacion-vial\/","title":{"rendered":"Educaci\u00f3n Vial"},"content":{"rendered":"<p><a href=\"https:\/\/cpzizur.educacion.navarra.es\/web1\/wp-content\/uploads\/2017\/11\/campus_autoescuela_ni\u00f1o.jpg\"><img loading=\"lazy\" class=\"wp-image-2578 alignright\" src=\"https:\/\/cpzizur.educacion.navarra.es\/web1\/wp-content\/uploads\/2017\/11\/campus_autoescuela_ni\u00f1o.jpg\" alt=\"\" width=\"174\" height=\"172\" srcset=\"https:\/\/cpzizur.educacion.navarra.es\/web1\/wp-content\/uploads\/2017\/11\/campus_autoescuela_ni\u00f1o.jpg 1000w, https:\/\/cpzizur.educacion.navarra.es\/web1\/wp-content\/uploads\/2017\/11\/campus_autoescuela_ni\u00f1o-300x298.jpg 300w, https:\/\/cpzizur.educacion.navarra.es\/web1\/wp-content\/uploads\/2017\/11\/campus_autoescuela_ni\u00f1o-768x762.jpg 768w\" sizes=\"(max-width: 174px) 100vw, 174px\" \/><\/a>A lo largo del mes de abril, el alumnado de 3\u00ba de Educaci\u00f3n Infantil, 1\u00ba, 2\u00ba, 3\u00ba y 5\u00ba de Educaci\u00f3n Primaria, recibir\u00e1 sesiones a cargo de la Polic\u00eda Foral en la que se dotar\u00e1 al alumnado de contenidos espec\u00edficos y graduados en los que se trabajan aspectos como reconocer se\u00f1ales, conducir bicicleta, comportamientos adquiridos como peat\u00f3n, viajero y conductor, etc.<\/p>\n","protected":false},"excerpt":{"rendered":"<p>A lo largo del mes de abril, el alumnado de 3\u00ba de Educaci\u00f3n Infantil, 1\u00ba, 2\u00ba, 3\u00ba y 5\u00ba de Educaci\u00f3n Primaria, recibir\u00e1 sesiones a cargo de la Polic\u00eda Foral en la que se dotar\u00e1 al alumnado de contenidos espec\u00edficos y graduados en los que se trabajan aspectos como reconocer se\u00f1ales, conducir bicicleta, comportamientos adquiridos [&hellip;]<\/p>\n","protected":false},"author":1,"featured_media":0,"parent":0,"menu_order":0,"comment_status":"closed","ping_status":"closed","template":"","meta":{"_genesis_hide_title":false,"_genesis_hide_breadcrumbs":false,"_genesis_hide_singular_image":false,"_genesis_hide_footer_widgets":false,"_genesis_custom_body_class":"","_genesis_custom_post_class":"","_genesis_layout":""},"_links":{"self":[{"href":"https:\/\/cpzizur.educacion.navarra.es\/web1\/wp-json\/wp\/v2\/pages\/2543"}],"collection":[{"href":"https:\/\/cpzizur.educacion.navarra.es\/web1\/wp-json\/wp\/v2\/pages"}],"about":[{"href":"https:\/\/cpzizur.educacion.navarra.es\/web1\/wp-json\/wp\/v2\/types\/page"}],"author":[{"embeddable":true,"href":"https:\/\/cpzizur.educacion.navarra.es\/web1\/wp-json\/wp\/v2\/users\/1"}],"replies":[{"embeddable":true,"href":"https:\/\/cpzizur.educacion.navarra.es\/web1\/wp-json\/wp\/v2\/comments?post=2543"}],"version-history":[{"count":4,"href":"https:\/\/cpzizur.educacion.navarra.es\/web1\/wp-json\/wp\/v2\/pages\/2543\/revisions"}],"predecessor-version":[{"id":2580,"href":"https:\/\/cpzizur.educacion.navarra.es\/web1\/wp-json\/wp\/v2\/pages\/2543\/revisions\/2580"}],"wp:attachment":[{"href":"https:\/\/cpzizur.educacion.navarra.es\/web1\/wp-json\/wp\/v2\/media?parent=2543"}],"curies":[{"name":"wp","href":"https:\/\/api.w.org\/{rel}","templated":true}]}}