{"id":188,"date":"2017-03-30T12:19:15","date_gmt":"2017-03-30T10:19:15","guid":{"rendered":"https:\/\/cpzizur.educacion.navarra.es\/web1\/?page_id=188"},"modified":"2026-01-19T11:31:41","modified_gmt":"2026-01-19T10:31:41","slug":"188-2","status":"publish","type":"page","link":"https:\/\/cpzizur.educacion.navarra.es\/web1\/188-2\/","title":{"rendered":"Plan de lectura"},"content":{"rendered":"<p>El\u00a0 Plan de lectura del CPEIP Camino de Santiago se ha concebido como un conjunto de acciones organizativas y did\u00e1cticas cuyos fines b\u00e1sicos son fomentar la lectura entre el alumnado, as\u00ed como su comprensi\u00f3n lectora.<\/p>\n<p>Se realiza a trav\u00e9s de:<\/p>\n<ul>\n<li>Un plan de centro.<\/li>\n<li>Creaci\u00f3n de una estructura organizativa para facilitar la lectura placentera en nuestros alumnos.<\/li>\n<li>Creaci\u00f3n de unas l\u00edneas metodol\u00f3gicas comunes para el fomento de la lectura comprensiva.<\/li>\n<\/ul>\n\n\n<figure class=\"wp-block-image size-large is-style-default\"><img loading=\"lazy\" width=\"1024\" height=\"791\" src=\"https:\/\/cpzizur.educacion.navarra.es\/web1\/wp-content\/uploads\/2025\/01\/19-4-1024x791.jpg\" alt=\"\" class=\"wp-image-19884\" srcset=\"https:\/\/cpzizur.educacion.navarra.es\/web1\/wp-content\/uploads\/2025\/01\/19-4-1024x791.jpg 1024w, https:\/\/cpzizur.educacion.navarra.es\/web1\/wp-content\/uploads\/2025\/01\/19-4-300x232.jpg 300w, https:\/\/cpzizur.educacion.navarra.es\/web1\/wp-content\/uploads\/2025\/01\/19-4-768x593.jpg 768w, https:\/\/cpzizur.educacion.navarra.es\/web1\/wp-content\/uploads\/2025\/01\/19-4-1536x1187.jpg 1536w, https:\/\/cpzizur.educacion.navarra.es\/web1\/wp-content\/uploads\/2025\/01\/19-4.jpg 2000w\" sizes=\"(max-width: 1024px) 100vw, 1024px\" \/><\/figure>\n\n\n\n<figure class=\"wp-block-image size-large is-style-default\"><img loading=\"lazy\" width=\"1024\" height=\"576\" src=\"https:\/\/cpzizur.educacion.navarra.es\/web1\/wp-content\/uploads\/2026\/01\/programa-lectura-web-1-1024x576.jpg\" alt=\"\" class=\"wp-image-21903\" srcset=\"https:\/\/cpzizur.educacion.navarra.es\/web1\/wp-content\/uploads\/2026\/01\/programa-lectura-web-1-1024x576.jpg 1024w, https:\/\/cpzizur.educacion.navarra.es\/web1\/wp-content\/uploads\/2026\/01\/programa-lectura-web-1-300x169.jpg 300w, https:\/\/cpzizur.educacion.navarra.es\/web1\/wp-content\/uploads\/2026\/01\/programa-lectura-web-1-768x432.jpg 768w, https:\/\/cpzizur.educacion.navarra.es\/web1\/wp-content\/uploads\/2026\/01\/programa-lectura-web-1-1536x864.jpg 1536w, https:\/\/cpzizur.educacion.navarra.es\/web1\/wp-content\/uploads\/2026\/01\/programa-lectura-web-1.jpg 2016w\" sizes=\"(max-width: 1024px) 100vw, 1024px\" \/><\/figure>\n","protected":false},"excerpt":{"rendered":"<p>El\u00a0 Plan de lectura del CPEIP Camino de Santiago se ha concebido como un conjunto de acciones organizativas y did\u00e1cticas cuyos fines b\u00e1sicos son fomentar la lectura entre el alumnado, as\u00ed como su comprensi\u00f3n lectora. Se realiza a trav\u00e9s de: Un plan de centro. Creaci\u00f3n de una estructura organizativa para facilitar la lectura placentera en [&hellip;]<\/p>\n","protected":false},"author":1,"featured_media":0,"parent":0,"menu_order":0,"comment_status":"closed","ping_status":"closed","template":"","meta":{"_genesis_hide_title":false,"_genesis_hide_breadcrumbs":false,"_genesis_hide_singular_image":false,"_genesis_hide_footer_widgets":false,"_genesis_custom_body_class":"","_genesis_custom_post_class":"","_genesis_layout":""},"_links":{"self":[{"href":"https:\/\/cpzizur.educacion.navarra.es\/web1\/wp-json\/wp\/v2\/pages\/188"}],"collection":[{"href":"https:\/\/cpzizur.educacion.navarra.es\/web1\/wp-json\/wp\/v2\/pages"}],"about":[{"href":"https:\/\/cpzizur.educacion.navarra.es\/web1\/wp-json\/wp\/v2\/types\/page"}],"author":[{"embeddable":true,"href":"https:\/\/cpzizur.educacion.navarra.es\/web1\/wp-json\/wp\/v2\/users\/1"}],"replies":[{"embeddable":true,"href":"https:\/\/cpzizur.educacion.navarra.es\/web1\/wp-json\/wp\/v2\/comments?post=188"}],"version-history":[{"count":9,"href":"https:\/\/cpzizur.educacion.navarra.es\/web1\/wp-json\/wp\/v2\/pages\/188\/revisions"}],"predecessor-version":[{"id":21991,"href":"https:\/\/cpzizur.educacion.navarra.es\/web1\/wp-json\/wp\/v2\/pages\/188\/revisions\/21991"}],"wp:attachment":[{"href":"https:\/\/cpzizur.educacion.navarra.es\/web1\/wp-json\/wp\/v2\/media?parent=188"}],"curies":[{"name":"wp","href":"https:\/\/api.w.org\/{rel}","templated":true}]}}