{"id":18050,"date":"2023-12-11T11:30:47","date_gmt":"2023-12-11T10:30:47","guid":{"rendered":"https:\/\/cpzizur.educacion.navarra.es\/web1\/?page_id=18050"},"modified":"2025-01-16T22:32:02","modified_gmt":"2025-01-16T21:32:02","slug":"fotos-2o-ed-infantil-2","status":"publish","type":"page","link":"https:\/\/cpzizur.educacion.navarra.es\/web1\/fotos-2o-ed-infantil-2\/","title":{"rendered":"Fotos &#8211; 2\u00ba Ed. Infantil"},"content":{"rendered":"\n<p><a href=\"https:\/\/cpzizur.educacion.navarra.es\/web1\/2o-educacion-infantil-mujeres-artistas-agatha-ruiz-de-la-prada\/\">\u00c1gatha Ruiz de la Prada<\/a><\/p>\n\n\n\n<p><a href=\"https:\/\/cpzizur.educacion.navarra.es\/web1\/2o-educacion-infantil-mujeres-artistas-desfile-basado-en-agatha-ruiz-de-la-prada\/\">V\u00eddeo: desfile de moda basado en \u00c1gatha Ruiz de la Prada<\/a><\/p>\n\n\n\n<p><a href=\"https:\/\/cpzizur.educacion.navarra.es\/web1\/2o-educacion-infantil-yayoi-kusama\/\">Yayoi Kusama<\/a><\/p>\n\n\n\n<p><a href=\"https:\/\/cpzizur.educacion.navarra.es\/web1\/2o-educacion-infantil-parque-de-los-sentidos\/\">De excursi\u00f3n al parque de los sentidos<\/a><\/p>\n\n\n\n<p><a href=\"https:\/\/cpzizur.educacion.navarra.es\/web1\/2o-educacion-infantil-museo-de-la-miel\/\">Excurso al Museo de la Miel<\/a><\/p>\n","protected":false},"excerpt":{"rendered":"<p>\u00c1gatha Ruiz de la Prada V\u00eddeo: desfile de moda basado en \u00c1gatha Ruiz de la Prada Yayoi Kusama De excursi\u00f3n al parque de los sentidos Excurso al Museo de la Miel<\/p>\n","protected":false},"author":1,"featured_media":0,"parent":0,"menu_order":0,"comment_status":"closed","ping_status":"closed","template":"","meta":{"_genesis_hide_title":false,"_genesis_hide_breadcrumbs":false,"_genesis_hide_singular_image":false,"_genesis_hide_footer_widgets":false,"_genesis_custom_body_class":"","_genesis_custom_post_class":"","_genesis_layout":""},"_links":{"self":[{"href":"https:\/\/cpzizur.educacion.navarra.es\/web1\/wp-json\/wp\/v2\/pages\/18050"}],"collection":[{"href":"https:\/\/cpzizur.educacion.navarra.es\/web1\/wp-json\/wp\/v2\/pages"}],"about":[{"href":"https:\/\/cpzizur.educacion.navarra.es\/web1\/wp-json\/wp\/v2\/types\/page"}],"author":[{"embeddable":true,"href":"https:\/\/cpzizur.educacion.navarra.es\/web1\/wp-json\/wp\/v2\/users\/1"}],"replies":[{"embeddable":true,"href":"https:\/\/cpzizur.educacion.navarra.es\/web1\/wp-json\/wp\/v2\/comments?post=18050"}],"version-history":[{"count":16,"href":"https:\/\/cpzizur.educacion.navarra.es\/web1\/wp-json\/wp\/v2\/pages\/18050\/revisions"}],"predecessor-version":[{"id":19400,"href":"https:\/\/cpzizur.educacion.navarra.es\/web1\/wp-json\/wp\/v2\/pages\/18050\/revisions\/19400"}],"wp:attachment":[{"href":"https:\/\/cpzizur.educacion.navarra.es\/web1\/wp-json\/wp\/v2\/media?parent=18050"}],"curies":[{"name":"wp","href":"https:\/\/api.w.org\/{rel}","templated":true}]}}