{"id":17545,"date":"2023-05-18T11:42:04","date_gmt":"2023-05-18T09:42:04","guid":{"rendered":"https:\/\/cpzizur.educacion.navarra.es\/web1\/?page_id=17545"},"modified":"2023-05-22T14:52:01","modified_gmt":"2023-05-22T12:52:01","slug":"camping-de-iratxe-5o-de-primaria","status":"publish","type":"page","link":"https:\/\/cpzizur.educacion.navarra.es\/web1\/camping-de-iratxe-5o-de-primaria\/","title":{"rendered":"Camping de Iratxe 5\u00ba de Primaria"},"content":{"rendered":"\n<p>Durante los tres d\u00edas en el camping de Iratxe los alumnos y alumnas de 5\u00ba pudieron realizar diferentes actividades al aire libre y en el roc\u00f3dromo. Fueron momentos de convivencia y nuevas experiencias junto a sus tutores y tutoras que les llenaron de energ\u00eda para afrontar el \u00faltimo tramo de curso.<\/p>\n\n\n\n<figure class=\"wp-block-gallery has-nested-images columns-default is-cropped\">\n<figure class=\"wp-block-image size-large\"><a href=\"https:\/\/cpzizur.educacion.navarra.es\/web1\/wp-content\/uploads\/2023\/05\/IMG-20230514-WA0049.jpg\" target=\"_blank\" rel=\"noopener\"><img loading=\"lazy\" width=\"1500\" height=\"2000\" data-id=\"17566\"  src=\"https:\/\/cpzizur.educacion.navarra.es\/web1\/wp-content\/uploads\/2023\/05\/IMG-20230514-WA0049.jpg\" alt=\"\" class=\"wp-image-17566\" srcset=\"https:\/\/cpzizur.educacion.navarra.es\/web1\/wp-content\/uploads\/2023\/05\/IMG-20230514-WA0049.jpg 1500w, https:\/\/cpzizur.educacion.navarra.es\/web1\/wp-content\/uploads\/2023\/05\/IMG-20230514-WA0049-225x300.jpg 225w, https:\/\/cpzizur.educacion.navarra.es\/web1\/wp-content\/uploads\/2023\/05\/IMG-20230514-WA0049-768x1024.jpg 768w, https:\/\/cpzizur.educacion.navarra.es\/web1\/wp-content\/uploads\/2023\/05\/IMG-20230514-WA0049-1152x1536.jpg 1152w\" sizes=\"(max-width: 1500px) 100vw, 1500px\" \/><\/a><\/figure>\n\n\n\n<figure class=\"wp-block-image size-large\"><a href=\"https:\/\/cpzizur.educacion.navarra.es\/web1\/wp-content\/uploads\/2023\/05\/IMG-20230514-WA0048.jpg\" target=\"_blank\" rel=\"noopener\"><img loading=\"lazy\" width=\"2000\" height=\"1500\" data-id=\"17567\"  src=\"https:\/\/cpzizur.educacion.navarra.es\/web1\/wp-content\/uploads\/2023\/05\/IMG-20230514-WA0048.jpg\" alt=\"\" class=\"wp-image-17567\" srcset=\"https:\/\/cpzizur.educacion.navarra.es\/web1\/wp-content\/uploads\/2023\/05\/IMG-20230514-WA0048.jpg 2000w, https:\/\/cpzizur.educacion.navarra.es\/web1\/wp-content\/uploads\/2023\/05\/IMG-20230514-WA0048-300x225.jpg 300w, https:\/\/cpzizur.educacion.navarra.es\/web1\/wp-content\/uploads\/2023\/05\/IMG-20230514-WA0048-1024x768.jpg 1024w, https:\/\/cpzizur.educacion.navarra.es\/web1\/wp-content\/uploads\/2023\/05\/IMG-20230514-WA0048-768x576.jpg 768w, https:\/\/cpzizur.educacion.navarra.es\/web1\/wp-content\/uploads\/2023\/05\/IMG-20230514-WA0048-1536x1152.jpg 1536w\" sizes=\"(max-width: 2000px) 100vw, 2000px\" \/><\/a><\/figure>\n\n\n\n<figure class=\"wp-block-image size-large\"><a href=\"https:\/\/cpzizur.educacion.navarra.es\/web1\/wp-content\/uploads\/2023\/05\/IMG-20230511-WA0018.jpg\" target=\"_blank\" rel=\"noopener\"><img loading=\"lazy\" width=\"1600\" height=\"1200\" data-id=\"17565\"  src=\"https:\/\/cpzizur.educacion.navarra.es\/web1\/wp-content\/uploads\/2023\/05\/IMG-20230511-WA0018.jpg\" alt=\"\" class=\"wp-image-17565\" srcset=\"https:\/\/cpzizur.educacion.navarra.es\/web1\/wp-content\/uploads\/2023\/05\/IMG-20230511-WA0018.jpg 1600w, https:\/\/cpzizur.educacion.navarra.es\/web1\/wp-content\/uploads\/2023\/05\/IMG-20230511-WA0018-300x225.jpg 300w, https:\/\/cpzizur.educacion.navarra.es\/web1\/wp-content\/uploads\/2023\/05\/IMG-20230511-WA0018-1024x768.jpg 1024w, https:\/\/cpzizur.educacion.navarra.es\/web1\/wp-content\/uploads\/2023\/05\/IMG-20230511-WA0018-768x576.jpg 768w, https:\/\/cpzizur.educacion.navarra.es\/web1\/wp-content\/uploads\/2023\/05\/IMG-20230511-WA0018-1536x1152.jpg 1536w\" sizes=\"(max-width: 1600px) 100vw, 1600px\" \/><\/a><\/figure>\n\n\n\n<figure class=\"wp-block-image size-large\"><a href=\"https:\/\/cpzizur.educacion.navarra.es\/web1\/wp-content\/uploads\/2023\/05\/IMG-20230514-WA0018.jpg\" target=\"_blank\" rel=\"noopener\"><img loading=\"lazy\" width=\"1200\" height=\"1600\" data-id=\"17561\"  src=\"https:\/\/cpzizur.educacion.navarra.es\/web1\/wp-content\/uploads\/2023\/05\/IMG-20230514-WA0018.jpg\" alt=\"\" class=\"wp-image-17561\" srcset=\"https:\/\/cpzizur.educacion.navarra.es\/web1\/wp-content\/uploads\/2023\/05\/IMG-20230514-WA0018.jpg 1200w, https:\/\/cpzizur.educacion.navarra.es\/web1\/wp-content\/uploads\/2023\/05\/IMG-20230514-WA0018-225x300.jpg 225w, https:\/\/cpzizur.educacion.navarra.es\/web1\/wp-content\/uploads\/2023\/05\/IMG-20230514-WA0018-768x1024.jpg 768w, https:\/\/cpzizur.educacion.navarra.es\/web1\/wp-content\/uploads\/2023\/05\/IMG-20230514-WA0018-1152x1536.jpg 1152w\" sizes=\"(max-width: 1200px) 100vw, 1200px\" \/><\/a><\/figure>\n\n\n\n<figure class=\"wp-block-image size-large\"><a href=\"https:\/\/cpzizur.educacion.navarra.es\/web1\/wp-content\/uploads\/2023\/05\/IMG-20230511-WA0020.jpg\" target=\"_blank\" rel=\"noopener\"><img loading=\"lazy\" width=\"1024\" height=\"768\" data-id=\"17564\"  src=\"https:\/\/cpzizur.educacion.navarra.es\/web1\/wp-content\/uploads\/2023\/05\/IMG-20230511-WA0020.jpg\" alt=\"\" class=\"wp-image-17564\" srcset=\"https:\/\/cpzizur.educacion.navarra.es\/web1\/wp-content\/uploads\/2023\/05\/IMG-20230511-WA0020.jpg 1024w, https:\/\/cpzizur.educacion.navarra.es\/web1\/wp-content\/uploads\/2023\/05\/IMG-20230511-WA0020-300x225.jpg 300w, https:\/\/cpzizur.educacion.navarra.es\/web1\/wp-content\/uploads\/2023\/05\/IMG-20230511-WA0020-768x576.jpg 768w\" sizes=\"(max-width: 1024px) 100vw, 1024px\" \/><\/a><\/figure>\n\n\n\n<figure class=\"wp-block-image size-large\"><a href=\"https:\/\/cpzizur.educacion.navarra.es\/web1\/wp-content\/uploads\/2023\/05\/IMG-20230511-WA0023.jpg\" target=\"_blank\" rel=\"noopener\"><img loading=\"lazy\" width=\"768\" height=\"1024\" data-id=\"17563\"  src=\"https:\/\/cpzizur.educacion.navarra.es\/web1\/wp-content\/uploads\/2023\/05\/IMG-20230511-WA0023.jpg\" alt=\"\" class=\"wp-image-17563\" srcset=\"https:\/\/cpzizur.educacion.navarra.es\/web1\/wp-content\/uploads\/2023\/05\/IMG-20230511-WA0023.jpg 768w, https:\/\/cpzizur.educacion.navarra.es\/web1\/wp-content\/uploads\/2023\/05\/IMG-20230511-WA0023-225x300.jpg 225w\" sizes=\"(max-width: 768px) 100vw, 768px\" \/><\/a><\/figure>\n\n\n\n<figure class=\"wp-block-image size-large\"><a href=\"https:\/\/cpzizur.educacion.navarra.es\/web1\/wp-content\/uploads\/2023\/05\/IMG-20230515-WA0040.jpg\" target=\"_blank\" rel=\"noopener\"><img loading=\"lazy\" width=\"1600\" height=\"1200\" data-id=\"17559\"  src=\"https:\/\/cpzizur.educacion.navarra.es\/web1\/wp-content\/uploads\/2023\/05\/IMG-20230515-WA0040.jpg\" alt=\"\" class=\"wp-image-17559\" srcset=\"https:\/\/cpzizur.educacion.navarra.es\/web1\/wp-content\/uploads\/2023\/05\/IMG-20230515-WA0040.jpg 1600w, https:\/\/cpzizur.educacion.navarra.es\/web1\/wp-content\/uploads\/2023\/05\/IMG-20230515-WA0040-300x225.jpg 300w, https:\/\/cpzizur.educacion.navarra.es\/web1\/wp-content\/uploads\/2023\/05\/IMG-20230515-WA0040-1024x768.jpg 1024w, https:\/\/cpzizur.educacion.navarra.es\/web1\/wp-content\/uploads\/2023\/05\/IMG-20230515-WA0040-768x576.jpg 768w, https:\/\/cpzizur.educacion.navarra.es\/web1\/wp-content\/uploads\/2023\/05\/IMG-20230515-WA0040-1536x1152.jpg 1536w\" sizes=\"(max-width: 1600px) 100vw, 1600px\" \/><\/a><\/figure>\n\n\n\n<figure class=\"wp-block-image size-large\"><a href=\"https:\/\/cpzizur.educacion.navarra.es\/web1\/wp-content\/uploads\/2023\/05\/IMG-20230511-WA0026.jpg\" target=\"_blank\" rel=\"noopener\"><img loading=\"lazy\" width=\"1024\" height=\"768\" data-id=\"17562\"  src=\"https:\/\/cpzizur.educacion.navarra.es\/web1\/wp-content\/uploads\/2023\/05\/IMG-20230511-WA0026.jpg\" alt=\"\" class=\"wp-image-17562\" srcset=\"https:\/\/cpzizur.educacion.navarra.es\/web1\/wp-content\/uploads\/2023\/05\/IMG-20230511-WA0026.jpg 1024w, https:\/\/cpzizur.educacion.navarra.es\/web1\/wp-content\/uploads\/2023\/05\/IMG-20230511-WA0026-300x225.jpg 300w, https:\/\/cpzizur.educacion.navarra.es\/web1\/wp-content\/uploads\/2023\/05\/IMG-20230511-WA0026-768x576.jpg 768w\" sizes=\"(max-width: 1024px) 100vw, 1024px\" \/><\/a><\/figure>\n\n\n\n<figure class=\"wp-block-image size-large\"><a href=\"https:\/\/cpzizur.educacion.navarra.es\/web1\/wp-content\/uploads\/2023\/05\/IMG-20230514-WA0028.jpg\" target=\"_blank\" rel=\"noopener\"><img loading=\"lazy\" width=\"1500\" height=\"2000\" data-id=\"17557\"  src=\"https:\/\/cpzizur.educacion.navarra.es\/web1\/wp-content\/uploads\/2023\/05\/IMG-20230514-WA0028.jpg\" alt=\"\" class=\"wp-image-17557\" srcset=\"https:\/\/cpzizur.educacion.navarra.es\/web1\/wp-content\/uploads\/2023\/05\/IMG-20230514-WA0028.jpg 1500w, https:\/\/cpzizur.educacion.navarra.es\/web1\/wp-content\/uploads\/2023\/05\/IMG-20230514-WA0028-225x300.jpg 225w, https:\/\/cpzizur.educacion.navarra.es\/web1\/wp-content\/uploads\/2023\/05\/IMG-20230514-WA0028-768x1024.jpg 768w, https:\/\/cpzizur.educacion.navarra.es\/web1\/wp-content\/uploads\/2023\/05\/IMG-20230514-WA0028-1152x1536.jpg 1152w\" sizes=\"(max-width: 1500px) 100vw, 1500px\" \/><\/a><\/figure>\n\n\n\n<figure class=\"wp-block-image size-large\"><a href=\"https:\/\/cpzizur.educacion.navarra.es\/web1\/wp-content\/uploads\/2023\/05\/IMG-20230514-WA0022.jpg\" target=\"_blank\" rel=\"noopener\"><img loading=\"lazy\" width=\"1500\" height=\"2000\" data-id=\"17560\"  src=\"https:\/\/cpzizur.educacion.navarra.es\/web1\/wp-content\/uploads\/2023\/05\/IMG-20230514-WA0022.jpg\" alt=\"\" class=\"wp-image-17560\" srcset=\"https:\/\/cpzizur.educacion.navarra.es\/web1\/wp-content\/uploads\/2023\/05\/IMG-20230514-WA0022.jpg 1500w, https:\/\/cpzizur.educacion.navarra.es\/web1\/wp-content\/uploads\/2023\/05\/IMG-20230514-WA0022-225x300.jpg 225w, https:\/\/cpzizur.educacion.navarra.es\/web1\/wp-content\/uploads\/2023\/05\/IMG-20230514-WA0022-768x1024.jpg 768w, https:\/\/cpzizur.educacion.navarra.es\/web1\/wp-content\/uploads\/2023\/05\/IMG-20230514-WA0022-1152x1536.jpg 1152w\" sizes=\"(max-width: 1500px) 100vw, 1500px\" \/><\/a><\/figure>\n\n\n\n<figure class=\"wp-block-image size-large\"><a href=\"https:\/\/cpzizur.educacion.navarra.es\/web1\/wp-content\/uploads\/2023\/05\/IMG-20230515-WA0050.jpg\" target=\"_blank\" rel=\"noopener\"><img loading=\"lazy\" width=\"1600\" height=\"1200\" data-id=\"17558\"  src=\"https:\/\/cpzizur.educacion.navarra.es\/web1\/wp-content\/uploads\/2023\/05\/IMG-20230515-WA0050.jpg\" alt=\"\" class=\"wp-image-17558\" srcset=\"https:\/\/cpzizur.educacion.navarra.es\/web1\/wp-content\/uploads\/2023\/05\/IMG-20230515-WA0050.jpg 1600w, https:\/\/cpzizur.educacion.navarra.es\/web1\/wp-content\/uploads\/2023\/05\/IMG-20230515-WA0050-300x225.jpg 300w, https:\/\/cpzizur.educacion.navarra.es\/web1\/wp-content\/uploads\/2023\/05\/IMG-20230515-WA0050-1024x768.jpg 1024w, https:\/\/cpzizur.educacion.navarra.es\/web1\/wp-content\/uploads\/2023\/05\/IMG-20230515-WA0050-768x576.jpg 768w, https:\/\/cpzizur.educacion.navarra.es\/web1\/wp-content\/uploads\/2023\/05\/IMG-20230515-WA0050-1536x1152.jpg 1536w\" sizes=\"(max-width: 1600px) 100vw, 1600px\" \/><\/a><\/figure>\n\n\n\n<figure class=\"wp-block-image size-large\"><a href=\"https:\/\/cpzizur.educacion.navarra.es\/web1\/wp-content\/uploads\/2023\/05\/IMG-20230515-WA0014.jpg\" target=\"_blank\" rel=\"noopener\"><img loading=\"lazy\" width=\"1600\" height=\"1200\" data-id=\"17554\"  src=\"https:\/\/cpzizur.educacion.navarra.es\/web1\/wp-content\/uploads\/2023\/05\/IMG-20230515-WA0014.jpg\" alt=\"\" class=\"wp-image-17554\" srcset=\"https:\/\/cpzizur.educacion.navarra.es\/web1\/wp-content\/uploads\/2023\/05\/IMG-20230515-WA0014.jpg 1600w, https:\/\/cpzizur.educacion.navarra.es\/web1\/wp-content\/uploads\/2023\/05\/IMG-20230515-WA0014-300x225.jpg 300w, https:\/\/cpzizur.educacion.navarra.es\/web1\/wp-content\/uploads\/2023\/05\/IMG-20230515-WA0014-1024x768.jpg 1024w, https:\/\/cpzizur.educacion.navarra.es\/web1\/wp-content\/uploads\/2023\/05\/IMG-20230515-WA0014-768x576.jpg 768w, https:\/\/cpzizur.educacion.navarra.es\/web1\/wp-content\/uploads\/2023\/05\/IMG-20230515-WA0014-1536x1152.jpg 1536w\" sizes=\"(max-width: 1600px) 100vw, 1600px\" \/><\/a><\/figure>\n\n\n\n<figure class=\"wp-block-image size-large\"><a href=\"https:\/\/cpzizur.educacion.navarra.es\/web1\/wp-content\/uploads\/2023\/05\/IMG-20230515-WA0007.jpg\" target=\"_blank\" rel=\"noopener\"><img loading=\"lazy\" width=\"1600\" height=\"1200\" data-id=\"17555\"  src=\"https:\/\/cpzizur.educacion.navarra.es\/web1\/wp-content\/uploads\/2023\/05\/IMG-20230515-WA0007.jpg\" alt=\"\" class=\"wp-image-17555\" srcset=\"https:\/\/cpzizur.educacion.navarra.es\/web1\/wp-content\/uploads\/2023\/05\/IMG-20230515-WA0007.jpg 1600w, https:\/\/cpzizur.educacion.navarra.es\/web1\/wp-content\/uploads\/2023\/05\/IMG-20230515-WA0007-300x225.jpg 300w, https:\/\/cpzizur.educacion.navarra.es\/web1\/wp-content\/uploads\/2023\/05\/IMG-20230515-WA0007-1024x768.jpg 1024w, https:\/\/cpzizur.educacion.navarra.es\/web1\/wp-content\/uploads\/2023\/05\/IMG-20230515-WA0007-768x576.jpg 768w, https:\/\/cpzizur.educacion.navarra.es\/web1\/wp-content\/uploads\/2023\/05\/IMG-20230515-WA0007-1536x1152.jpg 1536w\" sizes=\"(max-width: 1600px) 100vw, 1600px\" \/><\/a><\/figure>\n\n\n\n<figure class=\"wp-block-image size-large\"><a href=\"https:\/\/cpzizur.educacion.navarra.es\/web1\/wp-content\/uploads\/2023\/05\/IMG-20230515-WA0006.jpg\" target=\"_blank\" rel=\"noopener\"><img loading=\"lazy\" width=\"1600\" height=\"1200\" data-id=\"17556\"  src=\"https:\/\/cpzizur.educacion.navarra.es\/web1\/wp-content\/uploads\/2023\/05\/IMG-20230515-WA0006.jpg\" alt=\"\" class=\"wp-image-17556\" srcset=\"https:\/\/cpzizur.educacion.navarra.es\/web1\/wp-content\/uploads\/2023\/05\/IMG-20230515-WA0006.jpg 1600w, https:\/\/cpzizur.educacion.navarra.es\/web1\/wp-content\/uploads\/2023\/05\/IMG-20230515-WA0006-300x225.jpg 300w, https:\/\/cpzizur.educacion.navarra.es\/web1\/wp-content\/uploads\/2023\/05\/IMG-20230515-WA0006-1024x768.jpg 1024w, https:\/\/cpzizur.educacion.navarra.es\/web1\/wp-content\/uploads\/2023\/05\/IMG-20230515-WA0006-768x576.jpg 768w, https:\/\/cpzizur.educacion.navarra.es\/web1\/wp-content\/uploads\/2023\/05\/IMG-20230515-WA0006-1536x1152.jpg 1536w\" sizes=\"(max-width: 1600px) 100vw, 1600px\" \/><\/a><\/figure>\n<\/figure>\n\n\n\n<p><\/p>\n","protected":false},"excerpt":{"rendered":"<p>Durante los tres d\u00edas en el camping de Iratxe los alumnos y alumnas de 5\u00ba pudieron realizar diferentes actividades al aire libre y en el roc\u00f3dromo. Fueron momentos de convivencia y nuevas experiencias junto a sus tutores y tutoras que les llenaron de energ\u00eda para afrontar el \u00faltimo tramo de curso.<\/p>\n","protected":false},"author":1,"featured_media":0,"parent":0,"menu_order":0,"comment_status":"closed","ping_status":"closed","template":"","meta":{"_genesis_hide_title":false,"_genesis_hide_breadcrumbs":false,"_genesis_hide_singular_image":false,"_genesis_hide_footer_widgets":false,"_genesis_custom_body_class":"","_genesis_custom_post_class":"","_genesis_layout":""},"_links":{"self":[{"href":"https:\/\/cpzizur.educacion.navarra.es\/web1\/wp-json\/wp\/v2\/pages\/17545"}],"collection":[{"href":"https:\/\/cpzizur.educacion.navarra.es\/web1\/wp-json\/wp\/v2\/pages"}],"about":[{"href":"https:\/\/cpzizur.educacion.navarra.es\/web1\/wp-json\/wp\/v2\/types\/page"}],"author":[{"embeddable":true,"href":"https:\/\/cpzizur.educacion.navarra.es\/web1\/wp-json\/wp\/v2\/users\/1"}],"replies":[{"embeddable":true,"href":"https:\/\/cpzizur.educacion.navarra.es\/web1\/wp-json\/wp\/v2\/comments?post=17545"}],"version-history":[{"count":6,"href":"https:\/\/cpzizur.educacion.navarra.es\/web1\/wp-json\/wp\/v2\/pages\/17545\/revisions"}],"predecessor-version":[{"id":17576,"href":"https:\/\/cpzizur.educacion.navarra.es\/web1\/wp-json\/wp\/v2\/pages\/17545\/revisions\/17576"}],"wp:attachment":[{"href":"https:\/\/cpzizur.educacion.navarra.es\/web1\/wp-json\/wp\/v2\/media?parent=17545"}],"curies":[{"name":"wp","href":"https:\/\/api.w.org\/{rel}","templated":true}]}}