{"id":17133,"date":"2023-03-28T09:53:24","date_gmt":"2023-03-28T07:53:24","guid":{"rendered":"https:\/\/cpzizur.educacion.navarra.es\/web1\/?page_id=17133"},"modified":"2023-03-28T09:55:19","modified_gmt":"2023-03-28T07:55:19","slug":"17133-2","status":"publish","type":"page","link":"https:\/\/cpzizur.educacion.navarra.es\/web1\/17133-2\/","title":{"rendered":"\u00a1\u00a1Manos a la masa!!"},"content":{"rendered":"\n<p>Una vez trabajado el sentido del gusto y los cuatro sabores principales, nos pusimos manos a la obra, o, mejor dicho \u00a1Manos a la masa! Y es que nos convertimos en chefs por unas horas para hacer nuestras propias galletas con forma de luna, para lo que contamos, adem\u00e1s, con la imprescindible participaci\u00f3n y gran ayuda de varias familias. Todo el cole se acercaba a nuestras clases atra\u00eddos y atra\u00eddas por el olor&#8230; \u00a1Qu\u00e9 dulces y qu\u00e9 ricas estaban nuestras \u00ablunas\u00bb!<\/p>\n\n\n\n<figure class=\"wp-block-gallery has-nested-images columns-4 is-cropped\">\n<figure class=\"wp-block-image size-large\"><a href=\"https:\/\/cpzizur.educacion.navarra.es\/web1\/wp-content\/uploads\/2023\/03\/Taller-galletas-3A-1.jpg\" target=\"_blank\" rel=\"noopener\"><img loading=\"lazy\" width=\"2364\" height=\"1773\" data-id=\"17134\"  src=\"https:\/\/cpzizur.educacion.navarra.es\/web1\/wp-content\/uploads\/2023\/03\/Taller-galletas-3A-1.jpg\" alt=\"\" class=\"wp-image-17134\" srcset=\"https:\/\/cpzizur.educacion.navarra.es\/web1\/wp-content\/uploads\/2023\/03\/Taller-galletas-3A-1.jpg 2364w, https:\/\/cpzizur.educacion.navarra.es\/web1\/wp-content\/uploads\/2023\/03\/Taller-galletas-3A-1-300x225.jpg 300w, https:\/\/cpzizur.educacion.navarra.es\/web1\/wp-content\/uploads\/2023\/03\/Taller-galletas-3A-1-1024x768.jpg 1024w, https:\/\/cpzizur.educacion.navarra.es\/web1\/wp-content\/uploads\/2023\/03\/Taller-galletas-3A-1-768x576.jpg 768w, https:\/\/cpzizur.educacion.navarra.es\/web1\/wp-content\/uploads\/2023\/03\/Taller-galletas-3A-1-1536x1152.jpg 1536w, https:\/\/cpzizur.educacion.navarra.es\/web1\/wp-content\/uploads\/2023\/03\/Taller-galletas-3A-1-2048x1536.jpg 2048w\" sizes=\"(max-width: 2364px) 100vw, 2364px\" \/><\/a><\/figure>\n\n\n\n<figure class=\"wp-block-image size-large\"><a href=\"https:\/\/cpzizur.educacion.navarra.es\/web1\/wp-content\/uploads\/2023\/03\/Taller-galletas-3A-5-scaled.jpg\" target=\"_blank\" rel=\"noopener\"><img loading=\"lazy\" width=\"2560\" height=\"1387\" data-id=\"17138\"  src=\"https:\/\/cpzizur.educacion.navarra.es\/web1\/wp-content\/uploads\/2023\/03\/Taller-galletas-3A-5-scaled.jpg\" alt=\"\" class=\"wp-image-17138\" srcset=\"https:\/\/cpzizur.educacion.navarra.es\/web1\/wp-content\/uploads\/2023\/03\/Taller-galletas-3A-5-scaled.jpg 2560w, https:\/\/cpzizur.educacion.navarra.es\/web1\/wp-content\/uploads\/2023\/03\/Taller-galletas-3A-5-300x163.jpg 300w, https:\/\/cpzizur.educacion.navarra.es\/web1\/wp-content\/uploads\/2023\/03\/Taller-galletas-3A-5-1024x555.jpg 1024w, https:\/\/cpzizur.educacion.navarra.es\/web1\/wp-content\/uploads\/2023\/03\/Taller-galletas-3A-5-768x416.jpg 768w, https:\/\/cpzizur.educacion.navarra.es\/web1\/wp-content\/uploads\/2023\/03\/Taller-galletas-3A-5-1536x832.jpg 1536w, https:\/\/cpzizur.educacion.navarra.es\/web1\/wp-content\/uploads\/2023\/03\/Taller-galletas-3A-5-2048x1109.jpg 2048w\" sizes=\"(max-width: 2560px) 100vw, 2560px\" \/><\/a><\/figure>\n\n\n\n<figure class=\"wp-block-image size-large\"><a href=\"https:\/\/cpzizur.educacion.navarra.es\/web1\/wp-content\/uploads\/2023\/03\/Taller-galletas-3B-4.jpg\" target=\"_blank\" rel=\"noopener\"><img loading=\"lazy\" width=\"1817\" height=\"2308\" data-id=\"17143\"  src=\"https:\/\/cpzizur.educacion.navarra.es\/web1\/wp-content\/uploads\/2023\/03\/Taller-galletas-3B-4.jpg\" alt=\"\" class=\"wp-image-17143\" srcset=\"https:\/\/cpzizur.educacion.navarra.es\/web1\/wp-content\/uploads\/2023\/03\/Taller-galletas-3B-4.jpg 1817w, https:\/\/cpzizur.educacion.navarra.es\/web1\/wp-content\/uploads\/2023\/03\/Taller-galletas-3B-4-236x300.jpg 236w, https:\/\/cpzizur.educacion.navarra.es\/web1\/wp-content\/uploads\/2023\/03\/Taller-galletas-3B-4-806x1024.jpg 806w, https:\/\/cpzizur.educacion.navarra.es\/web1\/wp-content\/uploads\/2023\/03\/Taller-galletas-3B-4-768x976.jpg 768w, https:\/\/cpzizur.educacion.navarra.es\/web1\/wp-content\/uploads\/2023\/03\/Taller-galletas-3B-4-1209x1536.jpg 1209w, https:\/\/cpzizur.educacion.navarra.es\/web1\/wp-content\/uploads\/2023\/03\/Taller-galletas-3B-4-1612x2048.jpg 1612w\" sizes=\"(max-width: 1817px) 100vw, 1817px\" \/><\/a><\/figure>\n\n\n\n<figure class=\"wp-block-image size-large\"><a href=\"https:\/\/cpzizur.educacion.navarra.es\/web1\/wp-content\/uploads\/2023\/03\/Taller-galletas-3B-2.jpg\" target=\"_blank\" rel=\"noopener\"><img loading=\"lazy\" width=\"1773\" height=\"2364\" data-id=\"17141\"  src=\"https:\/\/cpzizur.educacion.navarra.es\/web1\/wp-content\/uploads\/2023\/03\/Taller-galletas-3B-2.jpg\" alt=\"\" class=\"wp-image-17141\" srcset=\"https:\/\/cpzizur.educacion.navarra.es\/web1\/wp-content\/uploads\/2023\/03\/Taller-galletas-3B-2.jpg 1773w, https:\/\/cpzizur.educacion.navarra.es\/web1\/wp-content\/uploads\/2023\/03\/Taller-galletas-3B-2-225x300.jpg 225w, https:\/\/cpzizur.educacion.navarra.es\/web1\/wp-content\/uploads\/2023\/03\/Taller-galletas-3B-2-768x1024.jpg 768w, https:\/\/cpzizur.educacion.navarra.es\/web1\/wp-content\/uploads\/2023\/03\/Taller-galletas-3B-2-1152x1536.jpg 1152w, https:\/\/cpzizur.educacion.navarra.es\/web1\/wp-content\/uploads\/2023\/03\/Taller-galletas-3B-2-1536x2048.jpg 1536w\" sizes=\"(max-width: 1773px) 100vw, 1773px\" \/><\/a><\/figure>\n\n\n\n<figure class=\"wp-block-image size-large\"><a href=\"https:\/\/cpzizur.educacion.navarra.es\/web1\/wp-content\/uploads\/2023\/03\/Taller-galletas-3B-3.jpg\" target=\"_blank\" rel=\"noopener\"><img loading=\"lazy\" width=\"1773\" height=\"2364\" data-id=\"17142\"  src=\"https:\/\/cpzizur.educacion.navarra.es\/web1\/wp-content\/uploads\/2023\/03\/Taller-galletas-3B-3.jpg\" alt=\"\" class=\"wp-image-17142\" srcset=\"https:\/\/cpzizur.educacion.navarra.es\/web1\/wp-content\/uploads\/2023\/03\/Taller-galletas-3B-3.jpg 1773w, https:\/\/cpzizur.educacion.navarra.es\/web1\/wp-content\/uploads\/2023\/03\/Taller-galletas-3B-3-225x300.jpg 225w, https:\/\/cpzizur.educacion.navarra.es\/web1\/wp-content\/uploads\/2023\/03\/Taller-galletas-3B-3-768x1024.jpg 768w, https:\/\/cpzizur.educacion.navarra.es\/web1\/wp-content\/uploads\/2023\/03\/Taller-galletas-3B-3-1152x1536.jpg 1152w, https:\/\/cpzizur.educacion.navarra.es\/web1\/wp-content\/uploads\/2023\/03\/Taller-galletas-3B-3-1536x2048.jpg 1536w\" sizes=\"(max-width: 1773px) 100vw, 1773px\" \/><\/a><\/figure>\n\n\n\n<figure class=\"wp-block-image size-large\"><a href=\"https:\/\/cpzizur.educacion.navarra.es\/web1\/wp-content\/uploads\/2023\/03\/Taller-galletas-3B-5.jpg\" target=\"_blank\" rel=\"noopener\"><img loading=\"lazy\" width=\"1773\" height=\"2364\" data-id=\"17144\"  src=\"https:\/\/cpzizur.educacion.navarra.es\/web1\/wp-content\/uploads\/2023\/03\/Taller-galletas-3B-5.jpg\" alt=\"\" class=\"wp-image-17144\" srcset=\"https:\/\/cpzizur.educacion.navarra.es\/web1\/wp-content\/uploads\/2023\/03\/Taller-galletas-3B-5.jpg 1773w, https:\/\/cpzizur.educacion.navarra.es\/web1\/wp-content\/uploads\/2023\/03\/Taller-galletas-3B-5-225x300.jpg 225w, https:\/\/cpzizur.educacion.navarra.es\/web1\/wp-content\/uploads\/2023\/03\/Taller-galletas-3B-5-768x1024.jpg 768w, https:\/\/cpzizur.educacion.navarra.es\/web1\/wp-content\/uploads\/2023\/03\/Taller-galletas-3B-5-1152x1536.jpg 1152w, https:\/\/cpzizur.educacion.navarra.es\/web1\/wp-content\/uploads\/2023\/03\/Taller-galletas-3B-5-1536x2048.jpg 1536w\" sizes=\"(max-width: 1773px) 100vw, 1773px\" \/><\/a><\/figure>\n\n\n\n<figure class=\"wp-block-image size-large\"><a href=\"https:\/\/cpzizur.educacion.navarra.es\/web1\/wp-content\/uploads\/2023\/03\/Taller-galletas-3A-rotated.jpg\" target=\"_blank\" rel=\"noopener\"><img loading=\"lazy\" width=\"1773\" height=\"2364\" data-id=\"17139\"  src=\"https:\/\/cpzizur.educacion.navarra.es\/web1\/wp-content\/uploads\/2023\/03\/Taller-galletas-3A-rotated.jpg\" alt=\"\" class=\"wp-image-17139\" srcset=\"https:\/\/cpzizur.educacion.navarra.es\/web1\/wp-content\/uploads\/2023\/03\/Taller-galletas-3A-rotated.jpg 1773w, https:\/\/cpzizur.educacion.navarra.es\/web1\/wp-content\/uploads\/2023\/03\/Taller-galletas-3A-225x300.jpg 225w, https:\/\/cpzizur.educacion.navarra.es\/web1\/wp-content\/uploads\/2023\/03\/Taller-galletas-3A-768x1024.jpg 768w, https:\/\/cpzizur.educacion.navarra.es\/web1\/wp-content\/uploads\/2023\/03\/Taller-galletas-3A-1152x1536.jpg 1152w, https:\/\/cpzizur.educacion.navarra.es\/web1\/wp-content\/uploads\/2023\/03\/Taller-galletas-3A-1536x2048.jpg 1536w\" sizes=\"(max-width: 1773px) 100vw, 1773px\" \/><\/a><\/figure>\n\n\n\n<figure class=\"wp-block-image size-large\"><a href=\"https:\/\/cpzizur.educacion.navarra.es\/web1\/wp-content\/uploads\/2023\/03\/Taller-galletas-3A-4-scaled.jpg\" target=\"_blank\" rel=\"noopener\"><img loading=\"lazy\" width=\"2560\" height=\"1296\" data-id=\"17137\"  src=\"https:\/\/cpzizur.educacion.navarra.es\/web1\/wp-content\/uploads\/2023\/03\/Taller-galletas-3A-4-scaled.jpg\" alt=\"\" class=\"wp-image-17137\" srcset=\"https:\/\/cpzizur.educacion.navarra.es\/web1\/wp-content\/uploads\/2023\/03\/Taller-galletas-3A-4-scaled.jpg 2560w, https:\/\/cpzizur.educacion.navarra.es\/web1\/wp-content\/uploads\/2023\/03\/Taller-galletas-3A-4-300x152.jpg 300w, https:\/\/cpzizur.educacion.navarra.es\/web1\/wp-content\/uploads\/2023\/03\/Taller-galletas-3A-4-1024x519.jpg 1024w, https:\/\/cpzizur.educacion.navarra.es\/web1\/wp-content\/uploads\/2023\/03\/Taller-galletas-3A-4-768x389.jpg 768w, https:\/\/cpzizur.educacion.navarra.es\/web1\/wp-content\/uploads\/2023\/03\/Taller-galletas-3A-4-1536x778.jpg 1536w, https:\/\/cpzizur.educacion.navarra.es\/web1\/wp-content\/uploads\/2023\/03\/Taller-galletas-3A-4-2048x1037.jpg 2048w\" sizes=\"(max-width: 2560px) 100vw, 2560px\" \/><\/a><\/figure>\n\n\n\n<figure class=\"wp-block-image size-large\"><a href=\"https:\/\/cpzizur.educacion.navarra.es\/web1\/wp-content\/uploads\/2023\/03\/Taller-galletas-3B.jpg\" target=\"_blank\" rel=\"noopener\"><img loading=\"lazy\" width=\"1672\" height=\"1254\" data-id=\"17145\"  src=\"https:\/\/cpzizur.educacion.navarra.es\/web1\/wp-content\/uploads\/2023\/03\/Taller-galletas-3B.jpg\" alt=\"\" class=\"wp-image-17145\" srcset=\"https:\/\/cpzizur.educacion.navarra.es\/web1\/wp-content\/uploads\/2023\/03\/Taller-galletas-3B.jpg 1672w, https:\/\/cpzizur.educacion.navarra.es\/web1\/wp-content\/uploads\/2023\/03\/Taller-galletas-3B-300x225.jpg 300w, https:\/\/cpzizur.educacion.navarra.es\/web1\/wp-content\/uploads\/2023\/03\/Taller-galletas-3B-1024x768.jpg 1024w, https:\/\/cpzizur.educacion.navarra.es\/web1\/wp-content\/uploads\/2023\/03\/Taller-galletas-3B-768x576.jpg 768w, https:\/\/cpzizur.educacion.navarra.es\/web1\/wp-content\/uploads\/2023\/03\/Taller-galletas-3B-1536x1152.jpg 1536w\" sizes=\"(max-width: 1672px) 100vw, 1672px\" \/><\/a><\/figure>\n\n\n\n<figure class=\"wp-block-image size-large\"><a href=\"https:\/\/cpzizur.educacion.navarra.es\/web1\/wp-content\/uploads\/2023\/03\/Taller-galletas-3B-1.jpg\" target=\"_blank\" rel=\"noopener\"><img loading=\"lazy\" width=\"1773\" height=\"2364\" data-id=\"17140\"  src=\"https:\/\/cpzizur.educacion.navarra.es\/web1\/wp-content\/uploads\/2023\/03\/Taller-galletas-3B-1.jpg\" alt=\"\" class=\"wp-image-17140\" srcset=\"https:\/\/cpzizur.educacion.navarra.es\/web1\/wp-content\/uploads\/2023\/03\/Taller-galletas-3B-1.jpg 1773w, https:\/\/cpzizur.educacion.navarra.es\/web1\/wp-content\/uploads\/2023\/03\/Taller-galletas-3B-1-225x300.jpg 225w, https:\/\/cpzizur.educacion.navarra.es\/web1\/wp-content\/uploads\/2023\/03\/Taller-galletas-3B-1-768x1024.jpg 768w, https:\/\/cpzizur.educacion.navarra.es\/web1\/wp-content\/uploads\/2023\/03\/Taller-galletas-3B-1-1152x1536.jpg 1152w, https:\/\/cpzizur.educacion.navarra.es\/web1\/wp-content\/uploads\/2023\/03\/Taller-galletas-3B-1-1536x2048.jpg 1536w\" sizes=\"(max-width: 1773px) 100vw, 1773px\" \/><\/a><\/figure>\n\n\n\n<figure class=\"wp-block-image size-large\"><a href=\"https:\/\/cpzizur.educacion.navarra.es\/web1\/wp-content\/uploads\/2023\/03\/Taller-galletas-3A-3.jpg\" target=\"_blank\" rel=\"noopener\"><img loading=\"lazy\" width=\"2183\" height=\"1920\" data-id=\"17136\"  src=\"https:\/\/cpzizur.educacion.navarra.es\/web1\/wp-content\/uploads\/2023\/03\/Taller-galletas-3A-3.jpg\" alt=\"\" class=\"wp-image-17136\" srcset=\"https:\/\/cpzizur.educacion.navarra.es\/web1\/wp-content\/uploads\/2023\/03\/Taller-galletas-3A-3.jpg 2183w, https:\/\/cpzizur.educacion.navarra.es\/web1\/wp-content\/uploads\/2023\/03\/Taller-galletas-3A-3-300x264.jpg 300w, https:\/\/cpzizur.educacion.navarra.es\/web1\/wp-content\/uploads\/2023\/03\/Taller-galletas-3A-3-1024x901.jpg 1024w, https:\/\/cpzizur.educacion.navarra.es\/web1\/wp-content\/uploads\/2023\/03\/Taller-galletas-3A-3-768x675.jpg 768w, https:\/\/cpzizur.educacion.navarra.es\/web1\/wp-content\/uploads\/2023\/03\/Taller-galletas-3A-3-1536x1351.jpg 1536w, https:\/\/cpzizur.educacion.navarra.es\/web1\/wp-content\/uploads\/2023\/03\/Taller-galletas-3A-3-2048x1801.jpg 2048w\" sizes=\"(max-width: 2183px) 100vw, 2183px\" \/><\/a><\/figure>\n\n\n\n<figure class=\"wp-block-image size-large\"><a href=\"https:\/\/cpzizur.educacion.navarra.es\/web1\/wp-content\/uploads\/2023\/03\/Taller-galletas-3A-2-scaled.jpg\" target=\"_blank\" rel=\"noopener\"><img loading=\"lazy\" width=\"1507\" height=\"2560\" data-id=\"17135\"  src=\"https:\/\/cpzizur.educacion.navarra.es\/web1\/wp-content\/uploads\/2023\/03\/Taller-galletas-3A-2-scaled.jpg\" alt=\"\" class=\"wp-image-17135\" srcset=\"https:\/\/cpzizur.educacion.navarra.es\/web1\/wp-content\/uploads\/2023\/03\/Taller-galletas-3A-2-scaled.jpg 1507w, https:\/\/cpzizur.educacion.navarra.es\/web1\/wp-content\/uploads\/2023\/03\/Taller-galletas-3A-2-177x300.jpg 177w, https:\/\/cpzizur.educacion.navarra.es\/web1\/wp-content\/uploads\/2023\/03\/Taller-galletas-3A-2-603x1024.jpg 603w, https:\/\/cpzizur.educacion.navarra.es\/web1\/wp-content\/uploads\/2023\/03\/Taller-galletas-3A-2-768x1304.jpg 768w, https:\/\/cpzizur.educacion.navarra.es\/web1\/wp-content\/uploads\/2023\/03\/Taller-galletas-3A-2-904x1536.jpg 904w, https:\/\/cpzizur.educacion.navarra.es\/web1\/wp-content\/uploads\/2023\/03\/Taller-galletas-3A-2-1206x2048.jpg 1206w\" sizes=\"(max-width: 1507px) 100vw, 1507px\" \/><\/a><\/figure>\n<\/figure>\n","protected":false},"excerpt":{"rendered":"<p>Una vez trabajado el sentido del gusto y los cuatro sabores principales, nos pusimos manos a la obra, o, mejor dicho \u00a1Manos a la masa! Y es que nos convertimos en chefs por unas horas para hacer nuestras propias galletas con forma de luna, para lo que contamos, adem\u00e1s, con la imprescindible participaci\u00f3n y gran [&hellip;]<\/p>\n","protected":false},"author":1,"featured_media":0,"parent":0,"menu_order":0,"comment_status":"closed","ping_status":"closed","template":"","meta":{"_genesis_hide_title":false,"_genesis_hide_breadcrumbs":false,"_genesis_hide_singular_image":false,"_genesis_hide_footer_widgets":false,"_genesis_custom_body_class":"","_genesis_custom_post_class":"","_genesis_layout":""},"_links":{"self":[{"href":"https:\/\/cpzizur.educacion.navarra.es\/web1\/wp-json\/wp\/v2\/pages\/17133"}],"collection":[{"href":"https:\/\/cpzizur.educacion.navarra.es\/web1\/wp-json\/wp\/v2\/pages"}],"about":[{"href":"https:\/\/cpzizur.educacion.navarra.es\/web1\/wp-json\/wp\/v2\/types\/page"}],"author":[{"embeddable":true,"href":"https:\/\/cpzizur.educacion.navarra.es\/web1\/wp-json\/wp\/v2\/users\/1"}],"replies":[{"embeddable":true,"href":"https:\/\/cpzizur.educacion.navarra.es\/web1\/wp-json\/wp\/v2\/comments?post=17133"}],"version-history":[{"count":2,"href":"https:\/\/cpzizur.educacion.navarra.es\/web1\/wp-json\/wp\/v2\/pages\/17133\/revisions"}],"predecessor-version":[{"id":17148,"href":"https:\/\/cpzizur.educacion.navarra.es\/web1\/wp-json\/wp\/v2\/pages\/17133\/revisions\/17148"}],"wp:attachment":[{"href":"https:\/\/cpzizur.educacion.navarra.es\/web1\/wp-json\/wp\/v2\/media?parent=17133"}],"curies":[{"name":"wp","href":"https:\/\/api.w.org\/{rel}","templated":true}]}}