{"id":15685,"date":"2023-01-31T13:44:40","date_gmt":"2023-01-31T12:44:40","guid":{"rendered":"https:\/\/cpzizur.educacion.navarra.es\/web1\/?page_id=15685"},"modified":"2023-05-26T11:22:46","modified_gmt":"2023-05-26T09:22:46","slug":"g","status":"publish","type":"page","link":"https:\/\/cpzizur.educacion.navarra.es\/web1\/g\/","title":{"rendered":"Galer\u00eda de fotos &#8211; Curso 2022-2023"},"content":{"rendered":"\n<p><a rel=\"noreferrer noopener\" href=\"https:\/\/cpzizur.educacion.navarra.es\/web1\/fotos-1o-infantil\/\" target=\"_blank\">1\u00ba Infantil<\/a><\/p>\n\n\n\n<p><a rel=\"noreferrer noopener\" href=\"https:\/\/cpzizur.educacion.navarra.es\/web1\/fotos-2o-infantil\/\" target=\"_blank\">2\u00ba Infantil<\/a><\/p>\n\n\n\n<p><a rel=\"noreferrer noopener\" href=\"https:\/\/cpzizur.educacion.navarra.es\/web1\/fotos-3o-infantil\/\" target=\"_blank\">3\u00ba Infantil <\/a><\/p>\n\n\n\n<p><a rel=\"noreferrer noopener\" href=\"https:\/\/cpzizur.educacion.navarra.es\/web1\/fotos-1o-primaria\/\" target=\"_blank\">1\u00ba Primaria<\/a><\/p>\n\n\n\n<p><a href=\"https:\/\/cpzizur.educacion.navarra.es\/web1\/fotos-2o-primaria\/\" target=\"_blank\" rel=\"noreferrer noopener\">2\u00ba Primaria<\/a><\/p>\n\n\n\n<p><a rel=\"noreferrer noopener\" href=\"https:\/\/cpzizur.educacion.navarra.es\/web1\/fotos-3o-primaria\/\" target=\"_blank\">3\u00ba Primaria<\/a><\/p>\n\n\n\n<p><a rel=\"noreferrer noopener\" href=\"https:\/\/cpzizur.educacion.navarra.es\/web1\/fotos-4o-primaria-2\/\" target=\"_blank\">4\u00ba Primaria<\/a><\/p>\n\n\n\n<p><a rel=\"noreferrer noopener\" href=\"https:\/\/cpzizur.educacion.navarra.es\/web1\/fotos-5o-primaria-2\/\" target=\"_blank\">5\u00ba Primaria<\/a><\/p>\n\n\n\n<p><a rel=\"noreferrer noopener\" href=\"https:\/\/cpzizur.educacion.navarra.es\/web1\/fotos-6o-primaria-2\/\" target=\"_blank\">6\u00ba Primaria<\/a><\/p>\n\n\n\n<p><a href=\"https:\/\/cpzizur.educacion.navarra.es\/web1\/ut\/\" target=\"_blank\" rel=\"noreferrer noopener\">UT<\/a><\/p>\n\n\n\n<p><a href=\"https:\/\/cpzizur.educacion.navarra.es\/web1\/aula-de-luz\/\" target=\"_blank\" rel=\"noreferrer noopener\">Aula de luz en infantil<\/a><\/p>\n\n\n\n<p><a rel=\"noreferrer noopener\" href=\"https:\/\/cpzizur.educacion.navarra.es\/web1\/ambientes-en-educacion-infantil\/\" target=\"_blank\">Ambientes en Educaci\u00f3n Infantil<\/a><\/p>\n\n\n\n<p><a rel=\"noreferrer noopener\" href=\"https:\/\/cpzizur.educacion.navarra.es\/web1\/ed-artistica-musica\/\" target=\"_blank\">Ed. Art\u00edstica: M\u00fasica<\/a><\/p>\n\n\n\n<p><a rel=\"noreferrer noopener\" href=\"https:\/\/cpzizur.educacion.navarra.es\/web1\/religion\/\" target=\"_blank\">Religi\u00f3n<\/a><\/p>\n\n\n\n<p><a href=\"https:\/\/cpzizur.educacion.navarra.es\/web1\/educacion-fisica\/\" target=\"_blank\" rel=\"noreferrer noopener\">Educaci\u00f3n F\u00edsica<\/a><\/p>\n\n\n\n<p><a rel=\"noreferrer noopener\" href=\"https:\/\/cpzizur.educacion.navarra.es\/web1\/halloween-2\/\" target=\"_blank\">Halloween<\/a><\/p>\n\n\n\n<p><a href=\"https:\/\/cpzizur.educacion.navarra.es\/web1\/fotos-carnaval\/\" target=\"_blank\" rel=\"noreferrer noopener\">Carnaval<\/a><\/p>\n\n\n\n<p><a rel=\"noreferrer noopener\" href=\"https:\/\/cpzizur.educacion.navarra.es\/web1\/semana-blanca-2023\/\" target=\"_blank\">Semana blanca<\/a><\/p>\n\n\n\n<p><a rel=\"noreferrer noopener\" href=\"https:\/\/cpzizur.educacion.navarra.es\/web1\/dia-del-libro-en-infantil\/\" target=\"_blank\">D\u00eda del libro<\/a><\/p>\n\n\n\n<p><a href=\"https:\/\/cpzizur.educacion.navarra.es\/web1\/?page_id=17580\" target=\"_blank\" rel=\"noreferrer noopener\">Visita Guardia Civil<\/a><\/p>\n","protected":false},"excerpt":{"rendered":"<p>1\u00ba Infantil 2\u00ba Infantil 3\u00ba Infantil 1\u00ba Primaria 2\u00ba Primaria 3\u00ba Primaria 4\u00ba Primaria 5\u00ba Primaria 6\u00ba Primaria UT Aula de luz en infantil Ambientes en Educaci\u00f3n Infantil Ed. Art\u00edstica: M\u00fasica Religi\u00f3n Educaci\u00f3n F\u00edsica Halloween Carnaval Semana blanca D\u00eda del libro Visita Guardia Civil<\/p>\n","protected":false},"author":1,"featured_media":0,"parent":0,"menu_order":0,"comment_status":"closed","ping_status":"closed","template":"","meta":{"_genesis_hide_title":false,"_genesis_hide_breadcrumbs":false,"_genesis_hide_singular_image":false,"_genesis_hide_footer_widgets":false,"_genesis_custom_body_class":"","_genesis_custom_post_class":"","_genesis_layout":""},"_links":{"self":[{"href":"https:\/\/cpzizur.educacion.navarra.es\/web1\/wp-json\/wp\/v2\/pages\/15685"}],"collection":[{"href":"https:\/\/cpzizur.educacion.navarra.es\/web1\/wp-json\/wp\/v2\/pages"}],"about":[{"href":"https:\/\/cpzizur.educacion.navarra.es\/web1\/wp-json\/wp\/v2\/types\/page"}],"author":[{"embeddable":true,"href":"https:\/\/cpzizur.educacion.navarra.es\/web1\/wp-json\/wp\/v2\/users\/1"}],"replies":[{"embeddable":true,"href":"https:\/\/cpzizur.educacion.navarra.es\/web1\/wp-json\/wp\/v2\/comments?post=15685"}],"version-history":[{"count":33,"href":"https:\/\/cpzizur.educacion.navarra.es\/web1\/wp-json\/wp\/v2\/pages\/15685\/revisions"}],"predecessor-version":[{"id":17647,"href":"https:\/\/cpzizur.educacion.navarra.es\/web1\/wp-json\/wp\/v2\/pages\/15685\/revisions\/17647"}],"wp:attachment":[{"href":"https:\/\/cpzizur.educacion.navarra.es\/web1\/wp-json\/wp\/v2\/media?parent=15685"}],"curies":[{"name":"wp","href":"https:\/\/api.w.org\/{rel}","templated":true}]}}