{"id":15623,"date":"2022-12-21T15:55:58","date_gmt":"2022-12-21T14:55:58","guid":{"rendered":"https:\/\/cpzizur.educacion.navarra.es\/web1\/?page_id=15623"},"modified":"2023-02-02T13:52:13","modified_gmt":"2023-02-02T12:52:13","slug":"excursion-al-planetario-del-alumnado-de-4o-ep","status":"publish","type":"page","link":"https:\/\/cpzizur.educacion.navarra.es\/web1\/excursion-al-planetario-del-alumnado-de-4o-ep\/","title":{"rendered":"Excursi\u00f3n al planetario del alumnado de 4\u00ba EP"},"content":{"rendered":"\n<p>El 9 de diciembre el alumnado de 4\u00ba de educaci\u00f3n primaria asisti\u00f3 a la visualizaci\u00f3n de \u00abBeyond the sun\u00bb, sesi\u00f3n que vimos en el Planetario de Pamplona. De esta forma, aprendimos m\u00e1s sobre el funcionamiento y la habitabilidad&nbsp;de los planetas, nos ense\u00f1aron muchos astros y nos explicaron qu\u00e9 eran los exoplanetas. Disfrutamos much\u00edsimo de ver el universo un poco m\u00e1s cerquita.<\/p>\n\n\n\n<figure class=\"wp-block-image size-large\"><a href=\"https:\/\/cpzizur.educacion.navarra.es\/web1\/wp-content\/uploads\/2022\/12\/P1-8-scaled.jpg\" target=\"_blank\" rel=\"noopener\"><img loading=\"lazy\" width=\"1024\" height=\"768\" src=\"https:\/\/cpzizur.educacion.navarra.es\/web1\/wp-content\/uploads\/2022\/12\/P1-8-1024x768.jpg\" alt=\"\" class=\"wp-image-15624\" srcset=\"https:\/\/cpzizur.educacion.navarra.es\/web1\/wp-content\/uploads\/2022\/12\/P1-8-1024x768.jpg 1024w, https:\/\/cpzizur.educacion.navarra.es\/web1\/wp-content\/uploads\/2022\/12\/P1-8-300x225.jpg 300w, https:\/\/cpzizur.educacion.navarra.es\/web1\/wp-content\/uploads\/2022\/12\/P1-8-768x576.jpg 768w, https:\/\/cpzizur.educacion.navarra.es\/web1\/wp-content\/uploads\/2022\/12\/P1-8-1536x1152.jpg 1536w, https:\/\/cpzizur.educacion.navarra.es\/web1\/wp-content\/uploads\/2022\/12\/P1-8-2048x1536.jpg 2048w\" sizes=\"(max-width: 1024px) 100vw, 1024px\" \/><\/a><\/figure>\n\n\n\n<figure class=\"wp-block-image size-large\"><a href=\"https:\/\/cpzizur.educacion.navarra.es\/web1\/wp-content\/uploads\/2022\/12\/P4-5-scaled.jpg\" target=\"_blank\" rel=\"noopener\"><img loading=\"lazy\" width=\"768\" height=\"1024\" src=\"https:\/\/cpzizur.educacion.navarra.es\/web1\/wp-content\/uploads\/2022\/12\/P4-5-768x1024.jpg\" alt=\"\" class=\"wp-image-15625\" srcset=\"https:\/\/cpzizur.educacion.navarra.es\/web1\/wp-content\/uploads\/2022\/12\/P4-5-768x1024.jpg 768w, https:\/\/cpzizur.educacion.navarra.es\/web1\/wp-content\/uploads\/2022\/12\/P4-5-225x300.jpg 225w, https:\/\/cpzizur.educacion.navarra.es\/web1\/wp-content\/uploads\/2022\/12\/P4-5-1152x1536.jpg 1152w, https:\/\/cpzizur.educacion.navarra.es\/web1\/wp-content\/uploads\/2022\/12\/P4-5-1536x2048.jpg 1536w, https:\/\/cpzizur.educacion.navarra.es\/web1\/wp-content\/uploads\/2022\/12\/P4-5-scaled.jpg 1920w\" sizes=\"(max-width: 768px) 100vw, 768px\" \/><\/a><\/figure>\n\n\n\n<figure class=\"wp-block-image size-large\"><a href=\"https:\/\/cpzizur.educacion.navarra.es\/web1\/wp-content\/uploads\/2022\/12\/P5-6-scaled.jpg\" target=\"_blank\" rel=\"noopener\"><img loading=\"lazy\" width=\"768\" height=\"1024\" src=\"https:\/\/cpzizur.educacion.navarra.es\/web1\/wp-content\/uploads\/2022\/12\/P5-6-768x1024.jpg\" alt=\"\" class=\"wp-image-15627\" srcset=\"https:\/\/cpzizur.educacion.navarra.es\/web1\/wp-content\/uploads\/2022\/12\/P5-6-768x1024.jpg 768w, https:\/\/cpzizur.educacion.navarra.es\/web1\/wp-content\/uploads\/2022\/12\/P5-6-225x300.jpg 225w, https:\/\/cpzizur.educacion.navarra.es\/web1\/wp-content\/uploads\/2022\/12\/P5-6-1152x1536.jpg 1152w, https:\/\/cpzizur.educacion.navarra.es\/web1\/wp-content\/uploads\/2022\/12\/P5-6-1536x2048.jpg 1536w, https:\/\/cpzizur.educacion.navarra.es\/web1\/wp-content\/uploads\/2022\/12\/P5-6-scaled.jpg 1920w\" sizes=\"(max-width: 768px) 100vw, 768px\" \/><\/a><\/figure>\n","protected":false},"excerpt":{"rendered":"<p>El 9 de diciembre el alumnado de 4\u00ba de educaci\u00f3n primaria asisti\u00f3 a la visualizaci\u00f3n de \u00abBeyond the sun\u00bb, sesi\u00f3n que vimos en el Planetario de Pamplona. De esta forma, aprendimos m\u00e1s sobre el funcionamiento y la habitabilidad&nbsp;de los planetas, nos ense\u00f1aron muchos astros y nos explicaron qu\u00e9 eran los exoplanetas. Disfrutamos much\u00edsimo de ver [&hellip;]<\/p>\n","protected":false},"author":1,"featured_media":0,"parent":0,"menu_order":0,"comment_status":"closed","ping_status":"closed","template":"","meta":{"_genesis_hide_title":false,"_genesis_hide_breadcrumbs":false,"_genesis_hide_singular_image":false,"_genesis_hide_footer_widgets":false,"_genesis_custom_body_class":"","_genesis_custom_post_class":"","_genesis_layout":""},"_links":{"self":[{"href":"https:\/\/cpzizur.educacion.navarra.es\/web1\/wp-json\/wp\/v2\/pages\/15623"}],"collection":[{"href":"https:\/\/cpzizur.educacion.navarra.es\/web1\/wp-json\/wp\/v2\/pages"}],"about":[{"href":"https:\/\/cpzizur.educacion.navarra.es\/web1\/wp-json\/wp\/v2\/types\/page"}],"author":[{"embeddable":true,"href":"https:\/\/cpzizur.educacion.navarra.es\/web1\/wp-json\/wp\/v2\/users\/1"}],"replies":[{"embeddable":true,"href":"https:\/\/cpzizur.educacion.navarra.es\/web1\/wp-json\/wp\/v2\/comments?post=15623"}],"version-history":[{"count":3,"href":"https:\/\/cpzizur.educacion.navarra.es\/web1\/wp-json\/wp\/v2\/pages\/15623\/revisions"}],"predecessor-version":[{"id":15916,"href":"https:\/\/cpzizur.educacion.navarra.es\/web1\/wp-json\/wp\/v2\/pages\/15623\/revisions\/15916"}],"wp:attachment":[{"href":"https:\/\/cpzizur.educacion.navarra.es\/web1\/wp-json\/wp\/v2\/media?parent=15623"}],"curies":[{"name":"wp","href":"https:\/\/api.w.org\/{rel}","templated":true}]}}