{"id":13480,"date":"2021-11-08T09:58:21","date_gmt":"2021-11-08T08:58:21","guid":{"rendered":"https:\/\/cpzizur.educacion.navarra.es\/web1\/?page_id=13480"},"modified":"2022-04-07T10:27:34","modified_gmt":"2022-04-07T08:27:34","slug":"fotos-unidad-de-transicion-educativa","status":"publish","type":"page","link":"https:\/\/cpzizur.educacion.navarra.es\/web1\/fotos-unidad-de-transicion-educativa\/","title":{"rendered":"Fotos \u2013 Unidad de transici\u00f3n educativa"},"content":{"rendered":"\n<p><a href=\"https:\/\/cpzizur.educacion.navarra.es\/web1\/u-t-colaboramos-en-la-huerta-escolar\/\">Colaboramos con la huerta escolar<\/a><\/p>\n\n\n\n<p><a href=\"https:\/\/cpzizur.educacion.navarra.es\/web1\/u-t-participamos-en-la-campana-de-natacion\/\">Participamos en la campa\u00f1a de nataci\u00f3n<\/a><\/p>\n\n\n\n<p><a href=\"https:\/\/cpzizur.educacion.navarra.es\/web1\/u-t-navidad\/\">Navidad<\/a><\/p>\n\n\n\n<p><a href=\"https:\/\/cpzizur.educacion.navarra.es\/web1\/u-t-taller-de-cocina\/\">Taller de cocina<\/a><\/p>\n\n\n\n<p><a href=\"https:\/\/cpzizur.educacion.navarra.es\/web1\/u-t-exposicion-proyecto-planetas\/\">Exposici\u00f3n proyecto planetas<\/a><\/p>\n\n\n\n<p><a href=\"https:\/\/cpzizur.educacion.navarra.es\/web1\/ganadores-x-concurso-de-dibujo-para-la-divulgacion-y-sensibilizacion-sobre-el-autismo\/\">Ganadores X concurso de dibujo para la divulgaci\u00f3n y sensibilizaci\u00f3n sobre el autismo<\/a><\/p>\n","protected":false},"excerpt":{"rendered":"<p>Colaboramos con la huerta escolar Participamos en la campa\u00f1a de nataci\u00f3n Navidad Taller de cocina Exposici\u00f3n proyecto planetas Ganadores X concurso de dibujo para la divulgaci\u00f3n y sensibilizaci\u00f3n sobre el autismo<\/p>\n","protected":false},"author":1,"featured_media":0,"parent":0,"menu_order":0,"comment_status":"closed","ping_status":"closed","template":"","meta":{"_genesis_hide_title":false,"_genesis_hide_breadcrumbs":false,"_genesis_hide_singular_image":false,"_genesis_hide_footer_widgets":false,"_genesis_custom_body_class":"","_genesis_custom_post_class":"","_genesis_layout":""},"_links":{"self":[{"href":"https:\/\/cpzizur.educacion.navarra.es\/web1\/wp-json\/wp\/v2\/pages\/13480"}],"collection":[{"href":"https:\/\/cpzizur.educacion.navarra.es\/web1\/wp-json\/wp\/v2\/pages"}],"about":[{"href":"https:\/\/cpzizur.educacion.navarra.es\/web1\/wp-json\/wp\/v2\/types\/page"}],"author":[{"embeddable":true,"href":"https:\/\/cpzizur.educacion.navarra.es\/web1\/wp-json\/wp\/v2\/users\/1"}],"replies":[{"embeddable":true,"href":"https:\/\/cpzizur.educacion.navarra.es\/web1\/wp-json\/wp\/v2\/comments?post=13480"}],"version-history":[{"count":9,"href":"https:\/\/cpzizur.educacion.navarra.es\/web1\/wp-json\/wp\/v2\/pages\/13480\/revisions"}],"predecessor-version":[{"id":14646,"href":"https:\/\/cpzizur.educacion.navarra.es\/web1\/wp-json\/wp\/v2\/pages\/13480\/revisions\/14646"}],"wp:attachment":[{"href":"https:\/\/cpzizur.educacion.navarra.es\/web1\/wp-json\/wp\/v2\/media?parent=13480"}],"curies":[{"name":"wp","href":"https:\/\/api.w.org\/{rel}","templated":true}]}}