{"id":10152,"date":"2020-05-29T09:50:24","date_gmt":"2020-05-29T07:50:24","guid":{"rendered":"https:\/\/cpzizur.educacion.navarra.es\/web1\/?page_id=10152"},"modified":"2020-05-29T09:59:08","modified_gmt":"2020-05-29T07:59:08","slug":"huerto-escolar","status":"publish","type":"page","link":"https:\/\/cpzizur.educacion.navarra.es\/web1\/huerto-escolar\/","title":{"rendered":"Huerto escolar &#8211; 5\u00ba Ed. Primaria"},"content":{"rendered":"\n<p>Como no pod\u00eda ser de otra manera, el alumnado de 5\u00ba curso tambi\u00e9n ha colaborado con la huerta escolar. Pese al fr\u00edo y la temprana hora de aquella ma\u00f1ana de diciembre, tuvimos la posibilidad de trabajar la tierra con nuestras propias manos.<\/p>\n\n\n\n<figure class=\"wp-block-gallery columns-2 is-cropped\"><ul class=\"blocks-gallery-grid\"><li class=\"blocks-gallery-item\"><figure><a href=\"https:\/\/cpzizur.educacion.navarra.es\/web1\/wp-content\/uploads\/2020\/05\/IMG_20191216_091017.jpg\"><img loading=\"lazy\" width=\"813\" height=\"610\" src=\"https:\/\/cpzizur.educacion.navarra.es\/web1\/wp-content\/uploads\/2020\/05\/IMG_20191216_091017.jpg\" alt=\"\" data-id=\"10154\" data-full-url=\"https:\/\/cpzizur.educacion.navarra.es\/web1\/wp-content\/uploads\/2020\/05\/IMG_20191216_091017.jpg\" data-link=\"https:\/\/cpzizur.educacion.navarra.es\/web1\/?attachment_id=10154\" class=\"wp-image-10154\" srcset=\"https:\/\/cpzizur.educacion.navarra.es\/web1\/wp-content\/uploads\/2020\/05\/IMG_20191216_091017.jpg 813w, https:\/\/cpzizur.educacion.navarra.es\/web1\/wp-content\/uploads\/2020\/05\/IMG_20191216_091017-300x225.jpg 300w, https:\/\/cpzizur.educacion.navarra.es\/web1\/wp-content\/uploads\/2020\/05\/IMG_20191216_091017-768x576.jpg 768w\" sizes=\"(max-width: 813px) 100vw, 813px\" \/><\/a><\/figure><\/li><li class=\"blocks-gallery-item\"><figure><a href=\"https:\/\/cpzizur.educacion.navarra.es\/web1\/wp-content\/uploads\/2020\/05\/IMG_20191216_091046.jpg\"><img loading=\"lazy\" width=\"813\" height=\"610\" src=\"https:\/\/cpzizur.educacion.navarra.es\/web1\/wp-content\/uploads\/2020\/05\/IMG_20191216_091046.jpg\" alt=\"\" data-id=\"10156\" data-full-url=\"https:\/\/cpzizur.educacion.navarra.es\/web1\/wp-content\/uploads\/2020\/05\/IMG_20191216_091046.jpg\" data-link=\"https:\/\/cpzizur.educacion.navarra.es\/web1\/?attachment_id=10156\" class=\"wp-image-10156\" srcset=\"https:\/\/cpzizur.educacion.navarra.es\/web1\/wp-content\/uploads\/2020\/05\/IMG_20191216_091046.jpg 813w, https:\/\/cpzizur.educacion.navarra.es\/web1\/wp-content\/uploads\/2020\/05\/IMG_20191216_091046-300x225.jpg 300w, https:\/\/cpzizur.educacion.navarra.es\/web1\/wp-content\/uploads\/2020\/05\/IMG_20191216_091046-768x576.jpg 768w\" sizes=\"(max-width: 813px) 100vw, 813px\" \/><\/a><\/figure><\/li><li class=\"blocks-gallery-item\"><figure><a href=\"https:\/\/cpzizur.educacion.navarra.es\/web1\/wp-content\/uploads\/2020\/05\/IMG_20191216_091055.jpg\"><img loading=\"lazy\" width=\"813\" height=\"610\" src=\"https:\/\/cpzizur.educacion.navarra.es\/web1\/wp-content\/uploads\/2020\/05\/IMG_20191216_091055.jpg\" alt=\"\" data-id=\"10157\" data-full-url=\"https:\/\/cpzizur.educacion.navarra.es\/web1\/wp-content\/uploads\/2020\/05\/IMG_20191216_091055.jpg\" data-link=\"https:\/\/cpzizur.educacion.navarra.es\/web1\/?attachment_id=10157\" class=\"wp-image-10157\" srcset=\"https:\/\/cpzizur.educacion.navarra.es\/web1\/wp-content\/uploads\/2020\/05\/IMG_20191216_091055.jpg 813w, https:\/\/cpzizur.educacion.navarra.es\/web1\/wp-content\/uploads\/2020\/05\/IMG_20191216_091055-300x225.jpg 300w, https:\/\/cpzizur.educacion.navarra.es\/web1\/wp-content\/uploads\/2020\/05\/IMG_20191216_091055-768x576.jpg 768w\" sizes=\"(max-width: 813px) 100vw, 813px\" \/><\/a><\/figure><\/li><li class=\"blocks-gallery-item\"><figure><a href=\"https:\/\/cpzizur.educacion.navarra.es\/web1\/wp-content\/uploads\/2020\/05\/IMG_20191216_091131.jpg\"><img loading=\"lazy\" width=\"610\" height=\"813\" src=\"https:\/\/cpzizur.educacion.navarra.es\/web1\/wp-content\/uploads\/2020\/05\/IMG_20191216_091131.jpg\" alt=\"\" data-id=\"10159\" data-full-url=\"https:\/\/cpzizur.educacion.navarra.es\/web1\/wp-content\/uploads\/2020\/05\/IMG_20191216_091131.jpg\" data-link=\"https:\/\/cpzizur.educacion.navarra.es\/web1\/?attachment_id=10159\" class=\"wp-image-10159\" srcset=\"https:\/\/cpzizur.educacion.navarra.es\/web1\/wp-content\/uploads\/2020\/05\/IMG_20191216_091131.jpg 610w, https:\/\/cpzizur.educacion.navarra.es\/web1\/wp-content\/uploads\/2020\/05\/IMG_20191216_091131-225x300.jpg 225w\" sizes=\"(max-width: 610px) 100vw, 610px\" \/><\/a><\/figure><\/li><li class=\"blocks-gallery-item\"><figure><a href=\"https:\/\/cpzizur.educacion.navarra.es\/web1\/wp-content\/uploads\/2020\/05\/IMG_20191216_091644.jpg\"><img loading=\"lazy\" width=\"610\" height=\"813\" src=\"https:\/\/cpzizur.educacion.navarra.es\/web1\/wp-content\/uploads\/2020\/05\/IMG_20191216_091644.jpg\" alt=\"\" data-id=\"10161\" data-full-url=\"https:\/\/cpzizur.educacion.navarra.es\/web1\/wp-content\/uploads\/2020\/05\/IMG_20191216_091644.jpg\" data-link=\"https:\/\/cpzizur.educacion.navarra.es\/web1\/?attachment_id=10161\" class=\"wp-image-10161\" srcset=\"https:\/\/cpzizur.educacion.navarra.es\/web1\/wp-content\/uploads\/2020\/05\/IMG_20191216_091644.jpg 610w, https:\/\/cpzizur.educacion.navarra.es\/web1\/wp-content\/uploads\/2020\/05\/IMG_20191216_091644-225x300.jpg 225w\" sizes=\"(max-width: 610px) 100vw, 610px\" \/><\/a><\/figure><\/li><li class=\"blocks-gallery-item\"><figure><a href=\"https:\/\/cpzizur.educacion.navarra.es\/web1\/wp-content\/uploads\/2020\/05\/IMG_20191216_092339.jpg\"><img loading=\"lazy\" width=\"610\" height=\"813\" src=\"https:\/\/cpzizur.educacion.navarra.es\/web1\/wp-content\/uploads\/2020\/05\/IMG_20191216_092339.jpg\" alt=\"\" data-id=\"10162\" data-full-url=\"https:\/\/cpzizur.educacion.navarra.es\/web1\/wp-content\/uploads\/2020\/05\/IMG_20191216_092339.jpg\" data-link=\"https:\/\/cpzizur.educacion.navarra.es\/web1\/?attachment_id=10162\" class=\"wp-image-10162\" srcset=\"https:\/\/cpzizur.educacion.navarra.es\/web1\/wp-content\/uploads\/2020\/05\/IMG_20191216_092339.jpg 610w, https:\/\/cpzizur.educacion.navarra.es\/web1\/wp-content\/uploads\/2020\/05\/IMG_20191216_092339-225x300.jpg 225w\" sizes=\"(max-width: 610px) 100vw, 610px\" \/><\/a><\/figure><\/li><li class=\"blocks-gallery-item\"><figure><a href=\"https:\/\/cpzizur.educacion.navarra.es\/web1\/wp-content\/uploads\/2020\/05\/IMG_20191216_092850.jpg\"><img loading=\"lazy\" width=\"610\" height=\"813\" src=\"https:\/\/cpzizur.educacion.navarra.es\/web1\/wp-content\/uploads\/2020\/05\/IMG_20191216_092850.jpg\" alt=\"\" data-id=\"10165\" data-full-url=\"https:\/\/cpzizur.educacion.navarra.es\/web1\/wp-content\/uploads\/2020\/05\/IMG_20191216_092850.jpg\" data-link=\"https:\/\/cpzizur.educacion.navarra.es\/web1\/?attachment_id=10165\" class=\"wp-image-10165\" srcset=\"https:\/\/cpzizur.educacion.navarra.es\/web1\/wp-content\/uploads\/2020\/05\/IMG_20191216_092850.jpg 610w, https:\/\/cpzizur.educacion.navarra.es\/web1\/wp-content\/uploads\/2020\/05\/IMG_20191216_092850-225x300.jpg 225w\" sizes=\"(max-width: 610px) 100vw, 610px\" \/><\/a><\/figure><\/li><\/ul><\/figure>\n","protected":false},"excerpt":{"rendered":"<p>Como no pod\u00eda ser de otra manera, el alumnado de 5\u00ba curso tambi\u00e9n ha colaborado con la huerta escolar. Pese al fr\u00edo y la temprana hora de aquella ma\u00f1ana de diciembre, tuvimos la posibilidad de trabajar la tierra con nuestras propias manos.<\/p>\n","protected":false},"author":1,"featured_media":0,"parent":0,"menu_order":0,"comment_status":"closed","ping_status":"closed","template":"","meta":{"_genesis_hide_title":false,"_genesis_hide_breadcrumbs":false,"_genesis_hide_singular_image":false,"_genesis_hide_footer_widgets":false,"_genesis_custom_body_class":"","_genesis_custom_post_class":"","_genesis_layout":""},"_links":{"self":[{"href":"https:\/\/cpzizur.educacion.navarra.es\/web1\/wp-json\/wp\/v2\/pages\/10152"}],"collection":[{"href":"https:\/\/cpzizur.educacion.navarra.es\/web1\/wp-json\/wp\/v2\/pages"}],"about":[{"href":"https:\/\/cpzizur.educacion.navarra.es\/web1\/wp-json\/wp\/v2\/types\/page"}],"author":[{"embeddable":true,"href":"https:\/\/cpzizur.educacion.navarra.es\/web1\/wp-json\/wp\/v2\/users\/1"}],"replies":[{"embeddable":true,"href":"https:\/\/cpzizur.educacion.navarra.es\/web1\/wp-json\/wp\/v2\/comments?post=10152"}],"version-history":[{"count":3,"href":"https:\/\/cpzizur.educacion.navarra.es\/web1\/wp-json\/wp\/v2\/pages\/10152\/revisions"}],"predecessor-version":[{"id":10174,"href":"https:\/\/cpzizur.educacion.navarra.es\/web1\/wp-json\/wp\/v2\/pages\/10152\/revisions\/10174"}],"wp:attachment":[{"href":"https:\/\/cpzizur.educacion.navarra.es\/web1\/wp-json\/wp\/v2\/media?parent=10152"}],"curies":[{"name":"wp","href":"https:\/\/api.w.org\/{rel}","templated":true}]}}